{"id":9672,"date":"2018-10-16T18:03:20","date_gmt":"2018-10-16T18:03:20","guid":{"rendered":"http:\/\/www.galileo.edu\/page\/?page_id=9672"},"modified":"2018-10-24T14:46:21","modified_gmt":"2018-10-24T14:46:21","slug":"talleres-congreso-educacion-virtual-miguel-morales","status":"publish","type":"page","link":"https:\/\/www.galileo.edu\/page\/talleres-congreso-educacion-virtual-miguel-morales\/","title":{"rendered":"Talleres Congreso Educaci\u00f3n Virtual-Miguel-Morales"},"content":{"rendered":"<p>[et_pb_section fb_built=&#8221;1&#8243; fullwidth=&#8221;on&#8221; _builder_version=&#8221;3.2.2&#8243; box_shadow_style=&#8221;preset2&#8243; bottom_divider_height=&#8221;1px&#8221; bottom_divider_flip=&#8221;vertical&#8221;][et_pb_fullwidth_menu menu_id=&#8221;20&#8243; submenu_direction=&#8221;downwards&#8221; fullwidth_menu=&#8221;off&#8221; _builder_version=&#8221;3.2.2&#8243; menu_font_size=&#8221;18px&#8221; menu_font_size_last_edited=&#8221;on|desktop&#8221; menu_line_height=&#8221;1.4em&#8221; menu_line_height_last_edited=&#8221;on|desktop&#8221; background_size=&#8221;initial&#8221; background_position=&#8221;center_left&#8221; text_orientation=&#8221;right&#8221; custom_margin=&#8221;|||2%&#8221; custom_margin_last_edited=&#8221;on|desktop&#8221;][\/et_pb_fullwidth_menu][\/et_pb_section][et_pb_section fb_built=&#8221;1&#8243; module_id=&#8221;MiguelM&#8221; _builder_version=&#8221;3.2.2&#8243; custom_padding=&#8221;35px|0px|33px|0px|false|false&#8221;][et_pb_row custom_padding=&#8221;14px|0px|15px|0px|false|false&#8221; _builder_version=&#8221;3.2.2&#8243;][et_pb_column type=&#8221;4_4&#8243; _builder_version=&#8221;3.0.47&#8243; parallax=&#8221;off&#8221; parallax_method=&#8221;on&#8221;][et_pb_text _builder_version=&#8221;3.2.2&#8243; text_font=&#8221;Raleway||||||||&#8221; text_font_size=&#8221;16px&#8221; text_font_size_last_edited=&#8221;on|desktop&#8221; text_line_height_last_edited=&#8221;on|desktop&#8221; header_font=&#8221;||||||||&#8221; header_text_align=&#8221;left&#8221; header_2_font=&#8221;Open Sans|700|||||||&#8221; header_2_text_align=&#8221;left&#8221; header_2_text_color=&#8221;#4756b1&#8243; header_2_font_size_last_edited=&#8221;on|desktop&#8221; header_2_line_height=&#8221;1.4em&#8221; header_2_line_height_last_edited=&#8221;on|desktop&#8221; header_3_font=&#8221;Open Sans|600|||||||&#8221; header_3_text_color=&#8221;#4756b1&#8243; header_3_font_size=&#8221;21px&#8221; header_3_font_size_last_edited=&#8221;on|desktop&#8221; header_3_line_height=&#8221;1.2em&#8221; header_3_line_height_last_edited=&#8221;on|desktop&#8221; text_orientation=&#8221;justified&#8221;]<\/p>\n<h2>Aprendizaje en tiempos de MOOC:<br \/> Dise\u00f1ando mi curso virtual en formato MOOC<\/h2>\n<p>En las \u00faltimas d\u00e9cadas las sociedades y los avances tecnol\u00f3gicos han evolucionado significativamente; la manera de comunicarse, colaborar y la forma de compartir el conocimiento. Esta apertura de informaci\u00f3n permite ser un medio para el desarrollo de la educaci\u00f3n en l\u00ednea, motivando el avance de nuevas modalidades de aprendizaje, como el e-Learning 2.0, el aprendizaje basado en la nube y el desarrollo de entornos personales de aprendizaje (PLE); enfoc\u00e1ndose principalmente en el aprendizaje autorregulado.<br \/> Tanto el aprendizaje autorregulado, como la demanda de aprendizaje a la medida y contin\u00fao; han obligado a las empresas e instituciones educativas hacer frente a un aumento de la flexibilidad y movilidad de los estudiantes. Este nuevo clima de expectativa en el aprendizaje y las tecnolog\u00edas disponibles, han propiciado el desarrollo de la educaci\u00f3n masiva abierta en l\u00ednea (MOOCs). Este fen\u00f3meno no s\u00f3lo ha generado una nueva tendencia de educaci\u00f3n en l\u00ednea adoptada por una serie de instituciones en todo el mundo, sino que tambi\u00e9n abri\u00f3 un espacio para la investigaci\u00f3n en los aspectos pedag\u00f3gicos, tecnol\u00f3gicos y organizativos.<\/p>\n<p>&nbsp;<\/p>\n<h3>Impartido por:<\/h3>\n<h3><img decoding=\"async\" loading=\"lazy\" class=\"wp-image-8199 alignnone size-full\" src=\"https:\/\/www.galileo.edu\/page\/wp-content\/uploads\/2018\/09\/Miguel-morales-t.png\" alt=\"\" width=\"71\" height=\"72\" \/>\u00a0Miguel Morales<\/h3>\n<ul>\n<li>Ph.D. (Candidato) en Ingenier\u00eda de la Informaci\u00f3n y del Conocimiento, Universidad de Alcal\u00e1, Espa\u00f1a.<\/li>\n<li>Sub-Director del Instituto Von Neumann, apoya la gesti\u00f3n y coordinaci\u00f3n de programas acad\u00e9micos innovadores.<\/li>\n<li>Director del \u00c1rea de e-Learning del Departamento de Investigaci\u00f3n y Desarrollo GES (Galileo Educational System).<\/li>\n<li>Cofundador del Proyecto Telescopio, el primer repositorio de MOOCs en Am\u00e9rica Latina.<\/li>\n<li>Coordinador acad\u00e9mico de la Maestr\u00eda en Direcci\u00f3n y Producci\u00f3n de e-Learning de Universidad Galileo, programa que cuenta con estudiantes de toda Am\u00e9rica.<\/li>\n<\/ul>\n<h3><img decoding=\"async\" loading=\"lazy\" src=\"https:\/\/www.galileo.edu\/page\/wp-content\/uploads\/2018\/10\/monica-de-la-rocaa.png\" width=\"74\" height=\"75\" alt=\"\" class=\"wp-image-9955 alignnone size-full\" \/>\u00a0M\u00f3nica de la Roca<\/h3>\n<ul>\n<li>Coordinadora del \u00e1rea de Dise\u00f1o Instruccional del Departamento de Investigaci\u00f3n y Desarrollo GES. Universidad Galileo.<\/li>\n<li>Profesora Instituto Von Neumann. Universidad Galileo.<\/li>\n<li>Ingeniera en Sistemas. Universidad Francisco Marroqu\u00edn. Guatemala.<\/li>\n<li>Magister en Bases de Datos. Universidad Francisco Marroqu\u00edn. Guatemala.<\/li>\n<li>Magister en e-Learning. Universidad Carlos III de Madrid. Espa\u00f1a.<\/li>\n<\/ul>\n<p>[\/et_pb_text][\/et_pb_column][\/et_pb_row][\/et_pb_section][et_pb_section fb_built=&#8221;1&#8243; fullwidth=&#8221;on&#8221; _builder_version=&#8221;3.2.2&#8243; custom_padding=&#8221;0|0px|0|0px|false|false&#8221;][et_pb_fullwidth_header _builder_version=&#8221;3.2.2&#8243; content_font=&#8221;||||||||&#8221; content_text_align=&#8221;center&#8221; content_font_size_last_edited=&#8221;on|desktop&#8221; background_color=&#8221;#3e4085&#8243;] I Congreso Interuniversitario sobre Educaci\u00f3n Virtual (Digital World Learning) + Universidad de San Carlos de Guatemala + Universidad Mariano G\u00e1lvez + Universidad Galielo Rights Reserved[\/et_pb_fullwidth_header][\/et_pb_section]<\/p>\n","protected":false},"excerpt":{"rendered":"<p>Aprendizaje en tiempos de MOOC: Dise\u00f1ando mi curso virtual en formato MOOC En las \u00faltimas d\u00e9cadas las sociedades y los avances tecnol\u00f3gicos han evolucionado significativamente; la manera de comunicarse, colaborar y la forma de compartir el conocimiento. Esta apertura de informaci\u00f3n permite ser un medio para el desarrollo de la educaci\u00f3n en l\u00ednea, motivando el [&hellip;]<\/p>\n","protected":false},"author":9,"featured_media":0,"parent":0,"menu_order":0,"comment_status":"closed","ping_status":"closed","template":"page-template-blank.php","meta":{"_et_pb_use_builder":"on","_et_pb_old_content":"","_et_gb_content_width":""},"yoast_head":"<!-- This site is optimized with the Yoast SEO plugin v20.13 - https:\/\/yoast.com\/wordpress\/plugins\/seo\/ -->\n<title>Talleres Congreso Educaci\u00f3n Virtual-Miguel-Morales - Universidad Galileo<\/title>\n<meta name=\"robots\" content=\"index, follow, max-snippet:-1, max-image-preview:large, max-video-preview:-1\" \/>\n<link rel=\"canonical\" href=\"https:\/\/www.galileo.edu\/page\/talleres-congreso-educacion-virtual-miguel-morales\/\" \/>\n<meta property=\"og:locale\" content=\"en_US\" \/>\n<meta property=\"og:type\" content=\"article\" \/>\n<meta property=\"og:title\" content=\"Talleres Congreso Educaci\u00f3n Virtual-Miguel-Morales - Universidad Galileo\" \/>\n<meta property=\"og:description\" content=\"Aprendizaje en tiempos de MOOC: Dise\u00f1ando mi curso virtual en formato MOOC En las \u00faltimas d\u00e9cadas las sociedades y los avances tecnol\u00f3gicos han evolucionado significativamente; la manera de comunicarse, colaborar y la forma de compartir el conocimiento. Esta apertura de informaci\u00f3n permite ser un medio para el desarrollo de la educaci\u00f3n en l\u00ednea, motivando el [&hellip;]\" \/>\n<meta property=\"og:url\" content=\"https:\/\/www.galileo.edu\/page\/talleres-congreso-educacion-virtual-miguel-morales\/\" \/>\n<meta property=\"og:site_name\" content=\"Universidad Galileo\" \/>\n<meta property=\"article:modified_time\" content=\"2018-10-24T14:46:21+00:00\" \/>\n<meta property=\"og:image\" content=\"http:\/\/www.galileo.edu\/page\/wp-content\/uploads\/2018\/09\/Miguel-morales-t.png\" \/>\n<meta name=\"twitter:card\" content=\"summary_large_image\" \/>\n<meta name=\"twitter:label1\" content=\"Est. reading time\" \/>\n\t<meta name=\"twitter:data1\" content=\"3 minutes\" \/>\n<script type=\"application\/ld+json\" class=\"yoast-schema-graph\">{\"@context\":\"https:\/\/schema.org\",\"@graph\":[{\"@type\":\"WebPage\",\"@id\":\"https:\/\/www.galileo.edu\/page\/talleres-congreso-educacion-virtual-miguel-morales\/\",\"url\":\"https:\/\/www.galileo.edu\/page\/talleres-congreso-educacion-virtual-miguel-morales\/\",\"name\":\"Talleres Congreso Educaci\u00f3n Virtual-Miguel-Morales - Universidad Galileo\",\"isPartOf\":{\"@id\":\"https:\/\/www.galileo.edu\/page\/#website\"},\"datePublished\":\"2018-10-16T18:03:20+00:00\",\"dateModified\":\"2018-10-24T14:46:21+00:00\",\"breadcrumb\":{\"@id\":\"https:\/\/www.galileo.edu\/page\/talleres-congreso-educacion-virtual-miguel-morales\/#breadcrumb\"},\"inLanguage\":\"en-US\",\"potentialAction\":[{\"@type\":\"ReadAction\",\"target\":[\"https:\/\/www.galileo.edu\/page\/talleres-congreso-educacion-virtual-miguel-morales\/\"]}]},{\"@type\":\"BreadcrumbList\",\"@id\":\"https:\/\/www.galileo.edu\/page\/talleres-congreso-educacion-virtual-miguel-morales\/#breadcrumb\",\"itemListElement\":[{\"@type\":\"ListItem\",\"position\":1,\"name\":\"Home\",\"item\":\"https:\/\/www.galileo.edu\/page\/home\/\"},{\"@type\":\"ListItem\",\"position\":2,\"name\":\"Talleres Congreso Educaci\u00f3n Virtual-Miguel-Morales\"}]},{\"@type\":\"WebSite\",\"@id\":\"https:\/\/www.galileo.edu\/page\/#website\",\"url\":\"https:\/\/www.galileo.edu\/page\/\",\"name\":\"Universidad Galileo\",\"description\":\"La revoluci\u00f3n en la educaci\u00f3n\",\"potentialAction\":[{\"@type\":\"SearchAction\",\"target\":{\"@type\":\"EntryPoint\",\"urlTemplate\":\"https:\/\/www.galileo.edu\/page\/?s={search_term_string}\"},\"query-input\":\"required name=search_term_string\"}],\"inLanguage\":\"en-US\"}]}<\/script>\n<!-- \/ Yoast SEO plugin. -->","yoast_head_json":{"title":"Talleres Congreso Educaci\u00f3n Virtual-Miguel-Morales - Universidad Galileo","robots":{"index":"index","follow":"follow","max-snippet":"max-snippet:-1","max-image-preview":"max-image-preview:large","max-video-preview":"max-video-preview:-1"},"canonical":"https:\/\/www.galileo.edu\/page\/talleres-congreso-educacion-virtual-miguel-morales\/","og_locale":"en_US","og_type":"article","og_title":"Talleres Congreso Educaci\u00f3n Virtual-Miguel-Morales - Universidad Galileo","og_description":"Aprendizaje en tiempos de MOOC: Dise\u00f1ando mi curso virtual en formato MOOC En las \u00faltimas d\u00e9cadas las sociedades y los avances tecnol\u00f3gicos han evolucionado significativamente; la manera de comunicarse, colaborar y la forma de compartir el conocimiento. Esta apertura de informaci\u00f3n permite ser un medio para el desarrollo de la educaci\u00f3n en l\u00ednea, motivando el [&hellip;]","og_url":"https:\/\/www.galileo.edu\/page\/talleres-congreso-educacion-virtual-miguel-morales\/","og_site_name":"Universidad Galileo","article_modified_time":"2018-10-24T14:46:21+00:00","og_image":[{"url":"http:\/\/www.galileo.edu\/page\/wp-content\/uploads\/2018\/09\/Miguel-morales-t.png"}],"twitter_card":"summary_large_image","twitter_misc":{"Est. reading time":"3 minutes"},"schema":{"@context":"https:\/\/schema.org","@graph":[{"@type":"WebPage","@id":"https:\/\/www.galileo.edu\/page\/talleres-congreso-educacion-virtual-miguel-morales\/","url":"https:\/\/www.galileo.edu\/page\/talleres-congreso-educacion-virtual-miguel-morales\/","name":"Talleres Congreso Educaci\u00f3n Virtual-Miguel-Morales - Universidad Galileo","isPartOf":{"@id":"https:\/\/www.galileo.edu\/page\/#website"},"datePublished":"2018-10-16T18:03:20+00:00","dateModified":"2018-10-24T14:46:21+00:00","breadcrumb":{"@id":"https:\/\/www.galileo.edu\/page\/talleres-congreso-educacion-virtual-miguel-morales\/#breadcrumb"},"inLanguage":"en-US","potentialAction":[{"@type":"ReadAction","target":["https:\/\/www.galileo.edu\/page\/talleres-congreso-educacion-virtual-miguel-morales\/"]}]},{"@type":"BreadcrumbList","@id":"https:\/\/www.galileo.edu\/page\/talleres-congreso-educacion-virtual-miguel-morales\/#breadcrumb","itemListElement":[{"@type":"ListItem","position":1,"name":"Home","item":"https:\/\/www.galileo.edu\/page\/home\/"},{"@type":"ListItem","position":2,"name":"Talleres Congreso Educaci\u00f3n Virtual-Miguel-Morales"}]},{"@type":"WebSite","@id":"https:\/\/www.galileo.edu\/page\/#website","url":"https:\/\/www.galileo.edu\/page\/","name":"Universidad Galileo","description":"La revoluci\u00f3n en la educaci\u00f3n","potentialAction":[{"@type":"SearchAction","target":{"@type":"EntryPoint","urlTemplate":"https:\/\/www.galileo.edu\/page\/?s={search_term_string}"},"query-input":"required name=search_term_string"}],"inLanguage":"en-US"}]}},"_links":{"self":[{"href":"https:\/\/www.galileo.edu\/page\/wp-json\/wp\/v2\/pages\/9672"}],"collection":[{"href":"https:\/\/www.galileo.edu\/page\/wp-json\/wp\/v2\/pages"}],"about":[{"href":"https:\/\/www.galileo.edu\/page\/wp-json\/wp\/v2\/types\/page"}],"author":[{"embeddable":true,"href":"https:\/\/www.galileo.edu\/page\/wp-json\/wp\/v2\/users\/9"}],"replies":[{"embeddable":true,"href":"https:\/\/www.galileo.edu\/page\/wp-json\/wp\/v2\/comments?post=9672"}],"version-history":[{"count":16,"href":"https:\/\/www.galileo.edu\/page\/wp-json\/wp\/v2\/pages\/9672\/revisions"}],"predecessor-version":[{"id":9958,"href":"https:\/\/www.galileo.edu\/page\/wp-json\/wp\/v2\/pages\/9672\/revisions\/9958"}],"wp:attachment":[{"href":"https:\/\/www.galileo.edu\/page\/wp-json\/wp\/v2\/media?parent=9672"}],"curies":[{"name":"wp","href":"https:\/\/api.w.org\/{rel}","templated":true}]}}

Talleres Congreso Educación Virtual-Miguel-Morales

<p>[et_pb_section fb_built=&#8221;1&#8243; fullwidth=&#8221;on&#8221; _builder_version=&#8221;3.2.2&#8243; box_shadow_style=&#8221;preset2&#8243; bottom_divider_height=&#8221;1px&#8221; bottom_divider_flip=&#8221;vertical&#8221;][et_pb_fullwidth_menu menu_id=&#8221;20&#8243; submenu_direction=&#8221;downwards&#8221; fullwidth_menu=&#8221;off&#8221; _builder_version=&#8221;3.2.2&#8243; menu_font_size=&#8221;18px&#8221; menu_font_size_last_edited=&#8221;on|desktop&#8221; menu_line_height=&#8221;1.4em&#8221; menu_line_height_last_edited=&#8221;on|desktop&#8221; background_size=&#8221;initial&#8221; background_position=&#8221;center_left&#8221; text_orientation=&#8221;right&#8221; custom_margin=&#8221;|||2%&#8221; custom_margin_last_edited=&#8221;on|desktop&#8221;][/et_pb_fullwidth_menu][/et_pb_section][et_pb_section fb_built=&#8221;1&#8243; module_id=&#8221;MiguelM&#8221; _builder_version=&#8221;3.2.2&#8243; custom_padding=&#8221;35px|0px|33px|0px|false|false&#8221;][et_pb_row custom_padding=&#8221;14px|0px|15px|0px|false|false&#8221; _builder_version=&#8221;3.2.2&#8243;][et_pb_column type=&#8221;4_4&#8243; _builder_version=&#8221;3.0.47&#8243; parallax=&#8221;off&#8221; parallax_method=&#8221;on&#8221;][et_pb_text _builder_version=&#8221;3.2.2&#8243; text_font=&#8221;Raleway||||||||&#8221; text_font_size=&#8221;16px&#8221; text_font_size_last_edited=&#8221;on|desktop&#8221; text_line_height_last_edited=&#8221;on|desktop&#8221; header_font=&#8221;||||||||&#8221; header_text_align=&#8221;left&#8221; header_2_font=&#8221;Open Sans|700|||||||&#8221; header_2_text_align=&#8221;left&#8221; header_2_text_color=&#8221;#4756b1&#8243; header_2_font_size_last_edited=&#8221;on|desktop&#8221; header_2_line_height=&#8221;1.4em&#8221; header_2_line_height_last_edited=&#8221;on|desktop&#8221; header_3_font=&#8221;Open Sans|600|||||||&#8221; header_3_text_color=&#8221;#4756b1&#8243; header_3_font_size=&#8221;21px&#8221; header_3_font_size_last_edited=&#8221;on|desktop&#8221; header_3_line_height=&#8221;1.2em&#8221; header_3_line_height_last_edited=&#8221;on|desktop&#8221; text_orientation=&#8221;justified&#8221;]</p>
<h2>Aprendizaje en tiempos de MOOC:<br /> Diseñando mi curso virtual en formato MOOC</h2>
<p>En las últimas décadas las sociedades y los avances tecnológicos han evolucionado significativamente; la manera de comunicarse, colaborar y la forma de compartir el conocimiento. Esta apertura de información permite ser un medio para el desarrollo de la educación en línea, motivando el avance de nuevas modalidades de aprendizaje, como el e-Learning 2.0, el aprendizaje basado en la nube y el desarrollo de entornos personales de aprendizaje (PLE); enfocándose principalmente en el aprendizaje autorregulado.<br /> Tanto el aprendizaje autorregulado, como la demanda de aprendizaje a la medida y continúo; han obligado a las empresas e instituciones educativas hacer frente a un aumento de la flexibilidad y movilidad de los estudiantes. Este nuevo clima de expectativa en el aprendizaje y las tecnologías disponibles, han propiciado el desarrollo de la educación masiva abierta en línea (MOOCs). Este fenómeno no sólo ha generado una nueva tendencia de educación en línea adoptada por una serie de instituciones en todo el mundo, sino que también abrió un espacio para la investigación en los aspectos pedagógicos, tecnológicos y organizativos.</p>
<p>&nbsp;</p>
<h3>Impartido por:</h3>
<h3><img decoding="async" loading="lazy" class="wp-image-8199 alignnone size-full" src="https://www.galileo.edu/page/wp-content/uploads/2018/09/Miguel-morales-t.png" alt="" width="71" height="72" /> Miguel Morales</h3>
<ul>
<li>Ph.D. (Candidato) en Ingeniería de la Información y del Conocimiento, Universidad de Alcalá, España.</li>
<li>Sub-Director del Instituto Von Neumann, apoya la gestión y coordinación de programas académicos innovadores.</li>
<li>Director del Área de e-Learning del Departamento de Investigación y Desarrollo GES (Galileo Educational System).</li>
<li>Cofundador del Proyecto Telescopio, el primer repositorio de MOOCs en América Latina.</li>
<li>Coordinador académico de la Maestría en Dirección y Producción de e-Learning de Universidad Galileo, programa que cuenta con estudiantes de toda América.</li>
</ul>
<h3><img decoding="async" loading="lazy" src="https://www.galileo.edu/page/wp-content/uploads/2018/10/monica-de-la-rocaa.png" width="74" height="75" alt="" class="wp-image-9955 alignnone size-full" /> Mónica de la Roca</h3>
<ul>
<li>Coordinadora del área de Diseño Instruccional del Departamento de Investigación y Desarrollo GES. Universidad Galileo.</li>
<li>Profesora Instituto Von Neumann. Universidad Galileo.</li>
<li>Ingeniera en Sistemas. Universidad Francisco Marroquín. Guatemala.</li>
<li>Magister en Bases de Datos. Universidad Francisco Marroquín. Guatemala.</li>
<li>Magister en e-Learning. Universidad Carlos III de Madrid. España.</li>
</ul>
<p>[/et_pb_text][/et_pb_column][/et_pb_row][/et_pb_section][et_pb_section fb_built=&#8221;1&#8243; fullwidth=&#8221;on&#8221; _builder_version=&#8221;3.2.2&#8243; custom_padding=&#8221;0|0px|0|0px|false|false&#8221;][et_pb_fullwidth_header _builder_version=&#8221;3.2.2&#8243; content_font=&#8221;||||||||&#8221; content_text_align=&#8221;center&#8221; content_font_size_last_edited=&#8221;on|desktop&#8221; background_color=&#8221;#3e4085&#8243;] I Congreso Interuniversitario sobre Educación Virtual (Digital World Learning) + Universidad de San Carlos de Guatemala + Universidad Mariano Gálvez + Universidad Galielo Rights Reserved[/et_pb_fullwidth_header][/et_pb_section]</p>

<p>Aprendizaje en tiempos de MOOC: Diseñando mi curso virtual en formato MOOC En las últimas décadas las sociedades y los avances tecnológicos han evolucionado significativamente; la manera de comunicarse, colaborar y la forma de compartir el conocimiento. Esta apertura de información permite ser un medio para el desarrollo de la educación en línea, motivando el [&hellip;]</p>

<!-- This site is optimized with the Yoast SEO plugin v20.13 - https://yoast.com/wordpress/plugins/seo/ -->
<title>Talleres Congreso Educación Virtual-Miguel-Morales - Universidad Galileo</title>
<meta name="robots" content="index, follow, max-snippet:-1, max-image-preview:large, max-video-preview:-1" />
<link rel="canonical" href="https://www.galileo.edu/page/talleres-congreso-educacion-virtual-miguel-morales/" />
<meta property="og:locale" content="en_US" />
<meta property="og:type" content="article" />
<meta property="og:title" content="Talleres Congreso Educación Virtual-Miguel-Morales - Universidad Galileo" />
<meta property="og:description" content="Aprendizaje en tiempos de MOOC: Diseñando mi curso virtual en formato MOOC En las últimas décadas las sociedades y los avances tecnológicos han evolucionado significativamente; la manera de comunicarse, colaborar y la forma de compartir el conocimiento. Esta apertura de información permite ser un medio para el desarrollo de la educación en línea, motivando el [&hellip;]" />
<meta property="og:url" content="https://www.galileo.edu/page/talleres-congreso-educacion-virtual-miguel-morales/" />
<meta property="og:site_name" content="Universidad Galileo" />
<meta property="article:modified_time" content="2018-10-24T14:46:21+00:00" />
<meta property="og:image" content="http://www.galileo.edu/page/wp-content/uploads/2018/09/Miguel-morales-t.png" />
<meta name="twitter:card" content="summary_large_image" />
<meta name="twitter:label1" content="Est. reading time" />
	<meta name="twitter:data1" content="3 minutes" />
<script type="application/ld+json" class="yoast-schema-graph">{"@context":"https://schema.org","@graph":[{"@type":"WebPage","@id":"https://www.galileo.edu/page/talleres-congreso-educacion-virtual-miguel-morales/","url":"https://www.galileo.edu/page/talleres-congreso-educacion-virtual-miguel-morales/","name":"Talleres Congreso Educación Virtual-Miguel-Morales - Universidad Galileo","isPartOf":{"@id":"https://www.galileo.edu/page/#website"},"datePublished":"2018-10-16T18:03:20+00:00","dateModified":"2018-10-24T14:46:21+00:00","breadcrumb":{"@id":"https://www.galileo.edu/page/talleres-congreso-educacion-virtual-miguel-morales/#breadcrumb"},"inLanguage":"en-US","potentialAction":[{"@type":"ReadAction","target":["https://www.galileo.edu/page/talleres-congreso-educacion-virtual-miguel-morales/"]}]},{"@type":"BreadcrumbList","@id":"https://www.galileo.edu/page/talleres-congreso-educacion-virtual-miguel-morales/#breadcrumb","itemListElement":[{"@type":"ListItem","position":1,"name":"Home","item":"https://www.galileo.edu/page/home/"},{"@type":"ListItem","position":2,"name":"Talleres Congreso Educación Virtual-Miguel-Morales"}]},{"@type":"WebSite","@id":"https://www.galileo.edu/page/#website","url":"https://www.galileo.edu/page/","name":"Universidad Galileo","description":"La revolución en la educación","potentialAction":[{"@type":"SearchAction","target":{"@type":"EntryPoint","urlTemplate":"https://www.galileo.edu/page/?s={search_term_string}"},"query-input":"required name=search_term_string"}],"inLanguage":"en-US"}]}</script>
<!-- / Yoast SEO plugin. -->

Talleres Congreso Educación Virtual-Miguel-Morales - Universidad Galileo

Aprendizaje en tiempos de MOOC: Diseñando mi curso virtual en formato MOOC En las últimas décadas las sociedades y los avances tecnológicos han evolucionado significativamente; la manera de comunicarse, colaborar y la forma de compartir el conocimiento. Esta apertura de información permite ser un medio para el desarrollo de la educación en línea, motivando el [&hellip;]

La revolución en la educación
