{"id":7763,"date":"2018-09-05T15:39:17","date_gmt":"2018-09-05T15:39:17","guid":{"rendered":"http:\/\/www.galileo.edu\/page\/?page_id=7763"},"modified":"2018-10-29T16:44:36","modified_gmt":"2018-10-29T16:44:36","slug":"llamado-a-ponencias-congreso-de-educacion-virtual","status":"publish","type":"page","link":"https:\/\/www.galileo.edu\/page\/llamado-a-ponencias-congreso-de-educacion-virtual\/","title":{"rendered":"Llamado a Ponencias Congreso Educaci\u00f3n Virtual"},"content":{"rendered":"<p>[et_pb_section fb_built=&#8221;1&#8243; fullwidth=&#8221;on&#8221; _builder_version=&#8221;3.2.2&#8243; box_shadow_style=&#8221;preset2&#8243; bottom_divider_height=&#8221;1px&#8221; bottom_divider_flip=&#8221;vertical&#8221;][et_pb_fullwidth_menu menu_id=&#8221;20&#8243; submenu_direction=&#8221;downwards&#8221; fullwidth_menu=&#8221;off&#8221; _builder_version=&#8221;3.2.2&#8243; menu_font_size=&#8221;18px&#8221; menu_font_size_last_edited=&#8221;on|desktop&#8221; menu_line_height=&#8221;1.4em&#8221; menu_line_height_last_edited=&#8221;on|desktop&#8221; background_size=&#8221;initial&#8221; background_position=&#8221;center_left&#8221; text_orientation=&#8221;right&#8221; custom_margin=&#8221;|||2%&#8221; custom_margin_last_edited=&#8221;on|desktop&#8221;][\/et_pb_fullwidth_menu][\/et_pb_section][et_pb_section fb_built=&#8221;1&#8243; _builder_version=&#8221;3.2.2&#8243; custom_padding=&#8221;35px|0px|33px|0px|false|false&#8221;][et_pb_row custom_padding=&#8221;14px|0px|15px|0px|false|false&#8221; _builder_version=&#8221;3.2.2&#8243;][et_pb_column type=&#8221;4_4&#8243; _builder_version=&#8221;3.0.47&#8243; parallax=&#8221;off&#8221; parallax_method=&#8221;on&#8221;][et_pb_text _builder_version=&#8221;3.2.2&#8243; text_font=&#8221;Raleway||||||||&#8221; text_font_size=&#8221;16px&#8221; text_font_size_last_edited=&#8221;on|desktop&#8221; text_line_height_last_edited=&#8221;on|desktop&#8221; header_font=&#8221;||||||||&#8221; header_text_align=&#8221;left&#8221; header_2_font=&#8221;Open Sans|700|||||||&#8221; header_2_text_align=&#8221;left&#8221; header_2_text_color=&#8221;#4756b1&#8243; header_2_font_size_last_edited=&#8221;on|desktop&#8221; header_2_line_height=&#8221;1.8em&#8221; header_2_line_height_last_edited=&#8221;on|desktop&#8221; text_orientation=&#8221;justified&#8221;]<\/p>\n<h2>Presentaci\u00f3n<\/h2>\n<p>El I Congreso Interuniversitario sobre Educaci\u00f3n Virtual (Digital World Learning) es organizado por la Universidad de San Carlos de Guatemala, Universidad Mariano G\u00e1lvez y Universidad Galileo, con el prop\u00f3sito de reunir a <strong>investigadores, profesores, profesionales del \u00e1rea de gesti\u00f3n del conocimiento, formaci\u00f3n empresarial y estudiantes<\/strong> para que puedan compartir experiencias, casos de estudio, buenas pr\u00e1cticas y desarrollar ideas relacionadas con la <strong>aplicaci\u00f3n de las TIC desde la dimensi\u00f3n pedag\u00f3gica<\/strong> para contribuir con la pr\u00e1ctica docente superior.[\/et_pb_text][et_pb_text _builder_version=&#8221;3.2.2&#8243; text_font=&#8221;Raleway||||||||&#8221; text_font_size=&#8221;16px&#8221; text_font_size_last_edited=&#8221;on|desktop&#8221; text_line_height_last_edited=&#8221;on|desktop&#8221; header_text_align=&#8221;left&#8221; header_2_font=&#8221;Open Sans|700|||||||&#8221; header_2_text_align=&#8221;left&#8221; header_2_text_color=&#8221;#4756b1&#8243; header_2_font_size_last_edited=&#8221;on|desktop&#8221; header_2_line_height=&#8221;1.8em&#8221; header_2_line_height_last_edited=&#8221;on|desktop&#8221; text_orientation=&#8221;justified&#8221;]<\/p>\n<h2>Temas de inter\u00e9s<\/h2>\n<ul>\n<li>TIC\u2019s y Educaci\u00f3n<\/li>\n<li>Calidad en la educaci\u00f3n superior virtual<\/li>\n<li>Evaluaci\u00f3n en L\u00ednea<\/li>\n<li>Flipped Classroom \/ Aula invertida<\/li>\n<li>Estrategias en el Aula Virtual<\/li>\n<li>m-Learning<\/li>\n<li>Dise\u00f1o Instruccional<\/li>\n<li>Herramientas Web 2.0<\/li>\n<li>Innovaciones educativas<\/li>\n<li>Espacios no formales de aprendizaje<\/li>\n<li>MOOCs<\/li>\n<li>Recursos Educativos Abiertos y Open Access<\/li>\n<\/ul>\n<p>[\/et_pb_text][et_pb_text _builder_version=&#8221;3.2.2&#8243; text_font=&#8221;Raleway||||||||&#8221; text_font_size=&#8221;16px&#8221; text_font_size_last_edited=&#8221;on|desktop&#8221; text_line_height_last_edited=&#8221;on|desktop&#8221; header_text_align=&#8221;left&#8221; header_2_font=&#8221;Open Sans|700|||||||&#8221; header_2_text_align=&#8221;left&#8221; header_2_text_color=&#8221;#4756b1&#8243; header_2_font_size_last_edited=&#8221;on|desktop&#8221; header_2_line_height=&#8221;1.8em&#8221; header_2_line_height_last_edited=&#8221;on|desktop&#8221; text_orientation=&#8221;justified&#8221;]<\/p>\n<h2>Invitamos a enviar contribuciones en las siguientes categor\u00edas<\/h2>\n<ul>\n<li>Art\u00edculos de investigaci\u00f3n y experiencias \u2013 <strong>Full Paper<\/strong> (hasta 6 p\u00e1ginas)<\/li>\n<li>Art\u00edculos cortos de trabajo en progreso \u2013 <strong>Short Paper<\/strong> (experiencias, casos de estudio) (hasta 4 p\u00e1ginas)<\/li>\n<\/ul>\n<p>[\/et_pb_text][et_pb_text _builder_version=&#8221;3.2.2&#8243; text_font=&#8221;Raleway||||||||&#8221; text_font_size=&#8221;16px&#8221; text_font_size_last_edited=&#8221;on|desktop&#8221; text_line_height_last_edited=&#8221;on|desktop&#8221; header_text_align=&#8221;left&#8221; header_2_font=&#8221;Open Sans|700|||||||&#8221; header_2_text_align=&#8221;left&#8221; header_2_text_color=&#8221;#4756b1&#8243; header_2_font_size_last_edited=&#8221;on|desktop&#8221; header_2_line_height=&#8221;1.8em&#8221; header_2_line_height_last_edited=&#8221;on|desktop&#8221; text_orientation=&#8221;justified&#8221;]<\/p>\n<h2>Fechas importantes<\/h2>\n<ul>\n<li>L\u00edmite para la presentaci\u00f3n de art\u00edculos: <span style=\"color: #0b0056;\"><strong>Fecha extendida 4 de noviembre de 2018<\/strong><\/span><\/li>\n<li>Notificaci\u00f3n a los autores de la aceptaci\u00f3n: <strong>09 de noviembre de 2018<\/strong><\/li>\n<li>Recepci\u00f3n de la versi\u00f3n definitiva de los trabajos aceptados: <strong>16\u00a0de noviembre de 2018<\/strong><\/li>\n<li>Celebraci\u00f3n del congreso: <strong>20 de noviembre 2018<\/strong><\/li>\n<\/ul>\n<p>[\/et_pb_text][et_pb_text _builder_version=&#8221;3.2.2&#8243; text_font=&#8221;Raleway||||||||&#8221; text_font_size=&#8221;16px&#8221; text_font_size_last_edited=&#8221;on|desktop&#8221; text_line_height_last_edited=&#8221;on|desktop&#8221; header_text_align=&#8221;left&#8221; header_2_font=&#8221;Open Sans|700|||||||&#8221; header_2_text_align=&#8221;left&#8221; header_2_text_color=&#8221;#4756b1&#8243; header_2_font_size_last_edited=&#8221;on|desktop&#8221; header_2_line_height=&#8221;1.8em&#8221; header_2_line_height_last_edited=&#8221;on|desktop&#8221; text_orientation=&#8221;justified&#8221;]<\/p>\n<h2>Informaci\u00f3n de env\u00edo y publicaci\u00f3n<\/h2>\n<ul>\n<li style=\"text-align: left;\">Los trabajos deben presentarse de acuerdo con las directrices de <strong>Springer LNCS<\/strong>.<\/li>\n<li style=\"text-align: left;\">Descargar la plantilla original para word\u00a0<a href=\"https:\/\/www.galileo.edu\/page\/wp-content\/uploads\/2018\/09\/LNC-AuthorInstructions.doc\">aqu\u00ed<\/a>.<\/li>\n<li style=\"text-align: left;\">Tambi\u00e9n se puede descargar un trabajo de ejemplo, en espa\u00f1ol, con la plantilla en word y recomendaciones de escritura\u00a0<a href=\"https:\/\/www.galileo.edu\/page\/wp-content\/uploads\/2018\/09\/LNCS-Ejemplo.docx\">aqu\u00ed<\/a>.<\/li>\n<li style=\"text-align: left;\">Los autores de ponencias (trabajos de investigaci\u00f3n) deber\u00e1n presentar al congreso sus propuestas a trav\u00e9s de la plataforma <strong>EasyChair<\/strong>, donde deber\u00e1n generar su usuario y subir el archivo PDF con su contribuci\u00f3n. Todo el proceso de revisi\u00f3n y aceptaci\u00f3n, as\u00ed como el env\u00edo de la versi\u00f3n definitiva de los trabajos aceptados, se llevar\u00e1 a cabo en esta plataforma.\n<ol>\n<li style=\"text-align: left;\"><a href=\"https:\/\/www.galileo.edu\/page\/wp-content\/uploads\/2018\/10\/Manual-de-uso-de-la-plataforma-EasyChair.pdf\" target=\"_blank\" rel=\"noopener noreferrer\">Descargar manual de uso de la plataforma EasyChair aqu\u00ed<\/a><\/li>\n<li style=\"text-align: left;\"><a href=\"https:\/\/easychair.org\/conferences\/?conf=ciev2018 \" target=\"_blank\" rel=\"noopener noreferrer\">Enviar propuesta de ponencia (trabajo de investigaci\u00f3n) aqu\u00ed<\/a><\/li>\n<\/ol>\n<\/li>\n<li style=\"text-align: left;\">Los trabajos aceptados ser\u00e1n publicados en el libro de Actas del Congreso, que ser\u00e1 distribuido en formato electr\u00f3nico a los participantes.<\/li>\n<li style=\"text-align: left;\">Para dudas o consultas, enviar un correo a: <strong>ciev@fahusac.edu.gt<\/strong><\/li>\n<\/ul>\n<p>[\/et_pb_text][et_pb_text _builder_version=&#8221;3.2.2&#8243; text_font=&#8221;Raleway||||||||&#8221; text_font_size=&#8221;16px&#8221; text_font_size_last_edited=&#8221;on|desktop&#8221; text_line_height_last_edited=&#8221;on|desktop&#8221; header_font=&#8221;||||||||&#8221; header_text_align=&#8221;left&#8221; header_2_font=&#8221;Open Sans|700|||||||&#8221; header_2_text_align=&#8221;left&#8221; header_2_text_color=&#8221;#4756b1&#8243; header_2_font_size_last_edited=&#8221;on|desktop&#8221; header_2_line_height=&#8221;1.8em&#8221; header_2_line_height_last_edited=&#8221;on|desktop&#8221; text_orientation=&#8221;justified&#8221;]<\/p>\n<h2>Idioma<\/h2>\n<p>Espa\u00f1ol[\/et_pb_text][et_pb_text disabled_on=&#8221;off|off|off&#8221; _builder_version=&#8221;3.2.2&#8243; text_font=&#8221;Raleway||||||||&#8221; text_font_size=&#8221;16px&#8221; text_font_size_last_edited=&#8221;on|desktop&#8221; text_line_height_last_edited=&#8221;on|desktop&#8221; header_font=&#8221;||||||||&#8221; header_text_align=&#8221;left&#8221; header_2_font=&#8221;Open Sans|700|||||||&#8221; header_2_text_align=&#8221;left&#8221; header_2_text_color=&#8221;#4756b1&#8243; header_2_font_size_last_edited=&#8221;on|desktop&#8221; header_2_line_height=&#8221;1.8em&#8221; header_2_line_height_last_edited=&#8221;on|desktop&#8221; text_orientation=&#8221;justified&#8221;]<\/p>\n<h2>Costo de inscripci\u00f3n<\/h2>\n<p><strong>Q.125.00<\/strong><\/p>\n<p><strong>* Incluye acceso a todas las conferencias, ponencias, coffee break y publicaci\u00f3n de art\u00edculos para autores.<\/strong><\/p>\n<div>Siga los siguientes pasos para completar su inscripci\u00f3n al &#8220;I Congreso Interuniversitario de Educaci\u00f3n Virtual: Digital World Learning&#8221;.<\/div>\n<div>\n<ol>\n<li style=\"padding-left: 30px;\">Complete el formulario de registro (<a href=\"https:\/\/goo.gl\/forms\/PsCJ06HsjhDCWJzW2\" target=\"_blank\" data-saferedirecturl=\"https:\/\/www.google.com\/url?q=https:\/\/goo.gl\/forms\/PsCJ06HsjhDCWJzW2&amp;source=gmail&amp;ust=1538865163041000&amp;usg=AFQjCNFD0TRxGaE6oZMf98kEDkESZGjREw\" rel=\"noopener\">clic aqu\u00ed<\/a>)<\/li>\n<li style=\"padding-left: 30px;\">Realice su dep\u00f3sito (Q125.00) a la cuenta monetaria de Banrural No. 3256043245 a nombre de Karla Valdez (integrante del comit\u00e9 organizador).<\/li>\n<li style=\"padding-left: 30px;\">Env\u00ede copia de su boleta de pago al correo<span>\u00a0<\/span><span color=\"#0000ff\" style=\"color: #0000ff;\"><a href=\"mailto:ciev@fahusac.edu.gt\" target=\"_blank\" rel=\"noopener\">ciev@fahusac.edu.gt<\/a><\/span>.<\/li>\n<\/ol>\n<div>Al concluir el \u00faltimo paso, recibir\u00e1 un correo de confirmaci\u00f3n de que su proceso de inscripci\u00f3n ha sido completado.<\/div>\n<\/div>\n<p><strong><\/strong><\/p>\n<p>[\/et_pb_text][et_pb_text _builder_version=&#8221;3.2.2&#8243; text_font=&#8221;Raleway||||||||&#8221; text_font_size=&#8221;16px&#8221; text_font_size_last_edited=&#8221;on|desktop&#8221; text_line_height_last_edited=&#8221;on|desktop&#8221; header_text_align=&#8221;left&#8221; header_2_font=&#8221;Open Sans|700|||||||&#8221; header_2_text_align=&#8221;left&#8221; header_2_text_color=&#8221;#4756b1&#8243; header_2_font_size_last_edited=&#8221;on|desktop&#8221; header_2_line_height=&#8221;1.8em&#8221; header_2_line_height_last_edited=&#8221;on|desktop&#8221; text_orientation=&#8221;justified&#8221;]<\/p>\n<h2>Comit\u00e9 Organizador<\/h2>\n<ul>\n<li>Walter Mazariegos, Universidad de San Carlos de Guatemala<\/li>\n<li>Karla Valdez, Universidad de San Carlos de Guatemala<\/li>\n<li>Elba Monz\u00f3n, Universidad de San Carlos de Guatemala<\/li>\n<li>Miguel Morales, Universidad Galileo<\/li>\n<li>Jorge Retolaza, Universidad Galileo<\/li>\n<li>Rocael Hern\u00e1ndez, Universidad Galileo<\/li>\n<li>H\u00e9ctor Amado, Universidad Galileo<\/li>\n<li>Bianka Alvarez, Universidad Galileo<\/li>\n<li>Nidia Giorgis, Universidad Mariano G\u00e1lvez<\/li>\n<li>Paulo Castro, Universidad Mariano G\u00e1lvez<\/li>\n<\/ul>\n<p>[\/et_pb_text][et_pb_text _builder_version=&#8221;3.2.2&#8243; text_font=&#8221;Raleway||||||||&#8221; text_font_size=&#8221;16px&#8221; text_font_size_last_edited=&#8221;on|desktop&#8221; text_line_height_last_edited=&#8221;on|desktop&#8221; header_text_align=&#8221;left&#8221; header_2_font=&#8221;Open Sans|700|||||||&#8221; header_2_text_align=&#8221;left&#8221; header_2_text_color=&#8221;#4756b1&#8243; header_2_font_size_last_edited=&#8221;on|desktop&#8221; header_2_line_height=&#8221;1.8em&#8221; header_2_line_height_last_edited=&#8221;on|desktop&#8221; text_orientation=&#8221;justified&#8221;]<\/p>\n<h2>Comit\u00e9 Cient\u00edfico<\/h2>\n<ul>\n<li>Alario-Hoyos Carlos , Universidad Carlos III de Madrid<\/li>\n<li>Amado H\u00e9ctor, Universidad Galileo<\/li>\n<li>Armas Ileana, Universidad Mariano G\u00e1lvez<\/li>\n<li>Ayerdi Lilly, Universidad Mariano G\u00e1lvez<\/li>\n<li>Barchino Roberto, Universidad de Alcal\u00e1<\/li>\n<li>Barrera Carlos, Universidad del Rosario<\/li>\n<li>Barrios Celeste, Universidad de San Carlos de Guatemala<\/li>\n<li>Becerra Hern\u00e1n, Universidad Aut\u00f3noma de M\u00e9xico<\/li>\n<li>Bracamontes Gustavo, Universidad de San Carlos de Guatemala<\/li>\n<li>Cabrera Renin, Universidad Mariano G\u00e1lvez<\/li>\n<li>Cardona Iliana, Universidad de San Carlos de Guatemala<\/li>\n<li>Castro Paulo, Universidad Mariano G\u00e1lvez<\/li>\n<li>Di\u00e9guez Carmen, Universidad de San Carlos de Guatemala<\/li>\n<li>Espinoza Erzi, Universidad Mariano G\u00e1lvez<\/li>\n<li>Estriegana Rosa, Universidad de Alcal\u00e1<\/li>\n<li>Figueroa Dilia, Universidad Mariano G\u00e1lvez<\/li>\n<li>Giorgis Nidia, Universidad Mariano G\u00e1lvez<\/li>\n<li>Godoy Enrique, Asociaci\u00f3n AMA Internacional<\/li>\n<li>Grisol\u00eda Carina, Universidad Mariano G\u00e1lvez<\/li>\n<li>Hern\u00e1ndez Rocael, Universidad Galileo<\/li>\n<li>Jerez Oscar, Universidad de Chile<\/li>\n<li>Medina Amelio, Universidad de Alcal\u00e1<\/li>\n<li>Mej\u00eda Sara, Universidad Mariano G\u00e1lvez<\/li>\n<li>Mej\u00eda Sergio, Universidad Mariano G\u00e1lvez<\/li>\n<li>M\u00e9ndez Rafael, Universidad Nacional de Educaci\u00f3n a Distancia<\/li>\n<li>Mendoza Blanca, Asociaci\u00f3n AMA Internacional<\/li>\n<li>Mijangos Josu\u00e9, Universidad Mariano G\u00e1lvez<\/li>\n<li>Morales Miguel, Universidad Galileo<\/li>\n<li>Nuila Elsa, Universidad de San Carlos de Guatemala<\/li>\n<li>Paniagua Luesmil, Universidad Aut\u00f3noma de Santo Domingo<\/li>\n<li>Pi\u00f1era Yadyra, Universidad de Pinar del R\u00edo<\/li>\n<li>Puac Francisco, Universidad de San Carlos de Guatemala<\/li>\n<li>Ramirez-Gonzalez Gustavo, Universidad del Cauca<\/li>\n<li>Ruiz Jos\u00e9 Luis, Universidad Mariano G\u00e1lvez<\/li>\n<li>Ru\u00edz Olga, Universidad de San Carlos de Guatemala<\/li>\n<li>Sowa Silvia, Universidad Mariano G\u00e1lvez<\/li>\n<li>Villela Claudia, Universidad Mariano G\u00e1lvez<\/li>\n<\/ul>\n<p>[\/et_pb_text][\/et_pb_column][\/et_pb_row][\/et_pb_section][et_pb_section fb_built=&#8221;1&#8243; fullwidth=&#8221;on&#8221; _builder_version=&#8221;3.2.2&#8243; custom_padding=&#8221;0|0px|0|0px|false|false&#8221;][et_pb_fullwidth_header _builder_version=&#8221;3.2.2&#8243; content_font=&#8221;||||||||&#8221; content_text_align=&#8221;center&#8221; content_font_size_last_edited=&#8221;on|desktop&#8221; background_color=&#8221;#3e4085&#8243;] I Congreso Interuniversitario sobre Educaci\u00f3n Virtual (Digital World Learning) + Universidad de San Carlos de Guatemala + Universidad Mariano G\u00e1lvez + Universidad Galielo Rights Reserved[\/et_pb_fullwidth_header][\/et_pb_section]<\/p>\n","protected":false},"excerpt":{"rendered":"<p>Presentaci\u00f3n El I Congreso Interuniversitario sobre Educaci\u00f3n Virtual (Digital World Learning) es organizado por la Universidad de San Carlos de Guatemala, Universidad Mariano G\u00e1lvez y Universidad Galileo, con el prop\u00f3sito de reunir a investigadores, profesores, profesionales del \u00e1rea de gesti\u00f3n del conocimiento, formaci\u00f3n empresarial y estudiantes para que puedan compartir experiencias, casos de estudio, buenas [&hellip;]<\/p>\n","protected":false},"author":9,"featured_media":0,"parent":0,"menu_order":0,"comment_status":"closed","ping_status":"closed","template":"page-template-blank.php","meta":{"_et_pb_use_builder":"on","_et_pb_old_content":"","_et_gb_content_width":""},"yoast_head":"<!-- This site is optimized with the Yoast SEO plugin v20.13 - https:\/\/yoast.com\/wordpress\/plugins\/seo\/ -->\n<title>Llamado a Ponencias Congreso Educaci\u00f3n Virtual - Universidad Galileo<\/title>\n<meta name=\"robots\" content=\"index, follow, max-snippet:-1, max-image-preview:large, max-video-preview:-1\" \/>\n<link rel=\"canonical\" href=\"https:\/\/www.galileo.edu\/page\/llamado-a-ponencias-congreso-de-educacion-virtual\/\" \/>\n<meta property=\"og:locale\" content=\"en_US\" \/>\n<meta property=\"og:type\" content=\"article\" \/>\n<meta property=\"og:title\" content=\"Llamado a Ponencias Congreso Educaci\u00f3n Virtual - Universidad Galileo\" \/>\n<meta property=\"og:description\" content=\"Presentaci\u00f3n El I Congreso Interuniversitario sobre Educaci\u00f3n Virtual (Digital World Learning) es organizado por la Universidad de San Carlos de Guatemala, Universidad Mariano G\u00e1lvez y Universidad Galileo, con el prop\u00f3sito de reunir a investigadores, profesores, profesionales del \u00e1rea de gesti\u00f3n del conocimiento, formaci\u00f3n empresarial y estudiantes para que puedan compartir experiencias, casos de estudio, buenas [&hellip;]\" \/>\n<meta property=\"og:url\" content=\"https:\/\/www.galileo.edu\/page\/llamado-a-ponencias-congreso-de-educacion-virtual\/\" \/>\n<meta property=\"og:site_name\" content=\"Universidad Galileo\" \/>\n<meta property=\"article:modified_time\" content=\"2018-10-29T16:44:36+00:00\" \/>\n<meta name=\"twitter:card\" content=\"summary_large_image\" \/>\n<meta name=\"twitter:label1\" content=\"Est. reading time\" \/>\n\t<meta name=\"twitter:data1\" content=\"8 minutes\" \/>\n<script type=\"application\/ld+json\" class=\"yoast-schema-graph\">{\"@context\":\"https:\/\/schema.org\",\"@graph\":[{\"@type\":\"WebPage\",\"@id\":\"https:\/\/www.galileo.edu\/page\/llamado-a-ponencias-congreso-de-educacion-virtual\/\",\"url\":\"https:\/\/www.galileo.edu\/page\/llamado-a-ponencias-congreso-de-educacion-virtual\/\",\"name\":\"Llamado a Ponencias Congreso Educaci\u00f3n Virtual - Universidad Galileo\",\"isPartOf\":{\"@id\":\"https:\/\/www.galileo.edu\/page\/#website\"},\"datePublished\":\"2018-09-05T15:39:17+00:00\",\"dateModified\":\"2018-10-29T16:44:36+00:00\",\"breadcrumb\":{\"@id\":\"https:\/\/www.galileo.edu\/page\/llamado-a-ponencias-congreso-de-educacion-virtual\/#breadcrumb\"},\"inLanguage\":\"en-US\",\"potentialAction\":[{\"@type\":\"ReadAction\",\"target\":[\"https:\/\/www.galileo.edu\/page\/llamado-a-ponencias-congreso-de-educacion-virtual\/\"]}]},{\"@type\":\"BreadcrumbList\",\"@id\":\"https:\/\/www.galileo.edu\/page\/llamado-a-ponencias-congreso-de-educacion-virtual\/#breadcrumb\",\"itemListElement\":[{\"@type\":\"ListItem\",\"position\":1,\"name\":\"Home\",\"item\":\"https:\/\/www.galileo.edu\/page\/home\/\"},{\"@type\":\"ListItem\",\"position\":2,\"name\":\"Llamado a Ponencias Congreso Educaci\u00f3n Virtual\"}]},{\"@type\":\"WebSite\",\"@id\":\"https:\/\/www.galileo.edu\/page\/#website\",\"url\":\"https:\/\/www.galileo.edu\/page\/\",\"name\":\"Universidad Galileo\",\"description\":\"La revoluci\u00f3n en la educaci\u00f3n\",\"potentialAction\":[{\"@type\":\"SearchAction\",\"target\":{\"@type\":\"EntryPoint\",\"urlTemplate\":\"https:\/\/www.galileo.edu\/page\/?s={search_term_string}\"},\"query-input\":\"required name=search_term_string\"}],\"inLanguage\":\"en-US\"}]}<\/script>\n<!-- \/ Yoast SEO plugin. -->","yoast_head_json":{"title":"Llamado a Ponencias Congreso Educaci\u00f3n Virtual - Universidad Galileo","robots":{"index":"index","follow":"follow","max-snippet":"max-snippet:-1","max-image-preview":"max-image-preview:large","max-video-preview":"max-video-preview:-1"},"canonical":"https:\/\/www.galileo.edu\/page\/llamado-a-ponencias-congreso-de-educacion-virtual\/","og_locale":"en_US","og_type":"article","og_title":"Llamado a Ponencias Congreso Educaci\u00f3n Virtual - Universidad Galileo","og_description":"Presentaci\u00f3n El I Congreso Interuniversitario sobre Educaci\u00f3n Virtual (Digital World Learning) es organizado por la Universidad de San Carlos de Guatemala, Universidad Mariano G\u00e1lvez y Universidad Galileo, con el prop\u00f3sito de reunir a investigadores, profesores, profesionales del \u00e1rea de gesti\u00f3n del conocimiento, formaci\u00f3n empresarial y estudiantes para que puedan compartir experiencias, casos de estudio, buenas [&hellip;]","og_url":"https:\/\/www.galileo.edu\/page\/llamado-a-ponencias-congreso-de-educacion-virtual\/","og_site_name":"Universidad Galileo","article_modified_time":"2018-10-29T16:44:36+00:00","twitter_card":"summary_large_image","twitter_misc":{"Est. reading time":"8 minutes"},"schema":{"@context":"https:\/\/schema.org","@graph":[{"@type":"WebPage","@id":"https:\/\/www.galileo.edu\/page\/llamado-a-ponencias-congreso-de-educacion-virtual\/","url":"https:\/\/www.galileo.edu\/page\/llamado-a-ponencias-congreso-de-educacion-virtual\/","name":"Llamado a Ponencias Congreso Educaci\u00f3n Virtual - Universidad Galileo","isPartOf":{"@id":"https:\/\/www.galileo.edu\/page\/#website"},"datePublished":"2018-09-05T15:39:17+00:00","dateModified":"2018-10-29T16:44:36+00:00","breadcrumb":{"@id":"https:\/\/www.galileo.edu\/page\/llamado-a-ponencias-congreso-de-educacion-virtual\/#breadcrumb"},"inLanguage":"en-US","potentialAction":[{"@type":"ReadAction","target":["https:\/\/www.galileo.edu\/page\/llamado-a-ponencias-congreso-de-educacion-virtual\/"]}]},{"@type":"BreadcrumbList","@id":"https:\/\/www.galileo.edu\/page\/llamado-a-ponencias-congreso-de-educacion-virtual\/#breadcrumb","itemListElement":[{"@type":"ListItem","position":1,"name":"Home","item":"https:\/\/www.galileo.edu\/page\/home\/"},{"@type":"ListItem","position":2,"name":"Llamado a Ponencias Congreso Educaci\u00f3n Virtual"}]},{"@type":"WebSite","@id":"https:\/\/www.galileo.edu\/page\/#website","url":"https:\/\/www.galileo.edu\/page\/","name":"Universidad Galileo","description":"La revoluci\u00f3n en la educaci\u00f3n","potentialAction":[{"@type":"SearchAction","target":{"@type":"EntryPoint","urlTemplate":"https:\/\/www.galileo.edu\/page\/?s={search_term_string}"},"query-input":"required name=search_term_string"}],"inLanguage":"en-US"}]}},"_links":{"self":[{"href":"https:\/\/www.galileo.edu\/page\/wp-json\/wp\/v2\/pages\/7763"}],"collection":[{"href":"https:\/\/www.galileo.edu\/page\/wp-json\/wp\/v2\/pages"}],"about":[{"href":"https:\/\/www.galileo.edu\/page\/wp-json\/wp\/v2\/types\/page"}],"author":[{"embeddable":true,"href":"https:\/\/www.galileo.edu\/page\/wp-json\/wp\/v2\/users\/9"}],"replies":[{"embeddable":true,"href":"https:\/\/www.galileo.edu\/page\/wp-json\/wp\/v2\/comments?post=7763"}],"version-history":[{"count":59,"href":"https:\/\/www.galileo.edu\/page\/wp-json\/wp\/v2\/pages\/7763\/revisions"}],"predecessor-version":[{"id":9994,"href":"https:\/\/www.galileo.edu\/page\/wp-json\/wp\/v2\/pages\/7763\/revisions\/9994"}],"wp:attachment":[{"href":"https:\/\/www.galileo.edu\/page\/wp-json\/wp\/v2\/media?parent=7763"}],"curies":[{"name":"wp","href":"https:\/\/api.w.org\/{rel}","templated":true}]}}