{"id":58575,"date":"2022-09-29T22:06:45","date_gmt":"2022-09-29T22:06:45","guid":{"rendered":"https:\/\/www.galileo.edu\/page\/?page_id=58575"},"modified":"2022-10-03T22:50:17","modified_gmt":"2022-10-03T22:50:17","slug":"gracias-registro-hult-prize-oncampus-program-galileo","status":"publish","type":"page","link":"https:\/\/www.galileo.edu\/page\/gracias-registro-hult-prize-oncampus-program-galileo\/","title":{"rendered":"Gracias HULT PRIZE"},"content":{"rendered":"<p>[et_pb_section fb_built=&#8221;1&#8243; disabled_on=&#8221;on|on|off&#8221; _builder_version=&#8221;3.2.2&#8243; background_image=&#8221;http:\/\/www.galileo.edu\/page\/wp-content\/uploads\/2022\/10\/Recurso-1.png&#8221; custom_margin=&#8221;-40px||85px|&#8221; custom_padding=&#8221;47px|0px|464px|0px|false|false&#8221;][\/et_pb_section][et_pb_section fb_built=&#8221;1&#8243; _builder_version=&#8221;3.2.2&#8243; background_image=&#8221;http:\/\/www.galileo.edu\/page\/wp-content\/uploads\/2022\/10\/Recurso-3.png&#8221; custom_padding=&#8221;230px|0px|517px|0px|false|false&#8221; disabled_on=&#8221;on|off|on&#8221;][\/et_pb_section][et_pb_section fb_built=&#8221;1&#8243; _builder_version=&#8221;3.2.2&#8243; background_image=&#8221;http:\/\/www.galileo.edu\/page\/wp-content\/uploads\/2022\/10\/Recurso-4.png&#8221; disabled_on=&#8221;off|on|on&#8221;][et_pb_row _builder_version=&#8221;3.2.2&#8243; custom_padding=&#8221;541px|0px|30px|0px|false|false&#8221;][et_pb_column type=&#8221;4_4&#8243; _builder_version=&#8221;3.2.2&#8243; parallax=&#8221;off&#8221; parallax_method=&#8221;on&#8221;][\/et_pb_column][\/et_pb_row][\/et_pb_section][et_pb_section fb_built=&#8221;1&#8243; _builder_version=&#8221;3.2.2&#8243; background_color=&#8221;#EF2B97&#8243; custom_margin=&#8221;-116px|||&#8221; custom_padding=&#8221;0|0px|47px|0px|false|false&#8221; top_divider_color=&#8221;#ffffff&#8221; top_divider_height=&#8221;105px&#8221; top_divider_flip=&#8221;vertical&#8221; bottom_divider_height=&#8221;34px&#8221;][et_pb_row custom_padding=&#8221;26px|0px|0|0px|false|false&#8221; _builder_version=&#8221;3.2.2&#8243; custom_margin_phone=&#8221;-27px|||&#8221; custom_margin_last_edited=&#8221;on|phone&#8221;][et_pb_column type=&#8221;4_4&#8243; _builder_version=&#8221;3.0.47&#8243; parallax=&#8221;off&#8221; parallax_method=&#8221;on&#8221;][et_pb_text _builder_version=&#8221;3.2.2&#8243; text_font=&#8221;||||||||&#8221; header_font=&#8221;Montserrat|700|||||||&#8221; header_text_align=&#8221;center&#8221; header_text_color=&#8221;#ffffff&#8221; header_font_size=&#8221;25px&#8221; custom_margin=&#8221;-6px|||&#8221; custom_margin_tablet=&#8221;||-69px|&#8221; custom_margin_phone=&#8221;||-13px|&#8221; custom_margin_last_edited=&#8221;on|desktop&#8221;]<\/p>\n<h1>\u00a1Gracias por Inscribirte al <b>HULT PRIZE<\/b>!<\/h1>\n<p>[\/et_pb_text][\/et_pb_column][\/et_pb_row][et_pb_row custom_padding=&#8221;0|0px|0|0px|false|false&#8221; _builder_version=&#8221;3.2.2&#8243; custom_margin_phone=&#8221;-113px|||&#8221; custom_margin_last_edited=&#8221;on|phone&#8221;][et_pb_column type=&#8221;4_4&#8243; _builder_version=&#8221;3.0.47&#8243; parallax=&#8221;off&#8221; parallax_method=&#8221;on&#8221;][et_pb_text _builder_version=&#8221;3.2.2&#8243; text_font=&#8221;Montserrat||||||||&#8221; text_text_color=&#8221;#ffffff&#8221; text_font_size=&#8221;18px&#8221; text_line_height=&#8221;1em&#8221; header_font=&#8221;Raleway|700|||||||&#8221; header_font_size=&#8221;28px&#8221; header_font_size_last_edited=&#8221;on|desktop&#8221; header_line_height=&#8221;1.1em&#8221; text_orientation=&#8221;center&#8221;]<\/p>\n<p style=\"text-align: center;\"><strong>Tu registro est\u00e1 completo.<\/strong> Revisa tu correo electr\u00f3nico para ver m\u00e1s detalles sobre el evento.<\/p>\n<p style=\"text-align: center;\">Y qu\u00e9date pendiente porque recibir\u00e1s el enlace para conectarte.<\/p>\n<p>&nbsp;<\/p>\n<p style=\"text-align: center;\">\u00a1Agenda la fecha! Ser\u00e1 el d<span style=\"font-weight: 400;\">el7 de octubre del 2022<\/span><\/p>\n<p>[\/et_pb_text][\/et_pb_column][\/et_pb_row][\/et_pb_section][et_pb_section fb_built=&#8221;1&#8243; _builder_version=&#8221;3.2.2&#8243; background_color=&#8221;#686868&#8243; custom_padding=&#8221;0|0|0|0px|false|false&#8221;][et_pb_row custom_padding=&#8221;25.9465px|0px|32px|0px|false|false&#8221; _builder_version=&#8221;3.2.2&#8243;][et_pb_column type=&#8221;1_3&#8243; _builder_version=&#8221;3.0.47&#8243; parallax=&#8221;off&#8221; parallax_method=&#8221;on&#8221;][et_pb_text _builder_version=&#8221;3.2.2&#8243; custom_margin=&#8221;40px|||&#8221; inline_fonts=&#8221;Poppins&#8221;]<\/p>\n<h3><span style=\"font-family: Poppins; font-weight: normal; color: #ffffff;\"><strong>On campus program Galileo<\/strong><\/span><\/h3>\n<p>[\/et_pb_text][\/et_pb_column][et_pb_column type=&#8221;1_3&#8243; _builder_version=&#8221;3.0.47&#8243; parallax=&#8221;off&#8221; parallax_method=&#8221;on&#8221;][et_pb_image src=&#8221;http:\/\/www.galileo.edu\/page\/wp-content\/uploads\/2022\/09\/1-2.png&#8221; align=&#8221;center&#8221; _builder_version=&#8221;3.2.2&#8243;][\/et_pb_image][et_pb_text _builder_version=&#8221;3.2.2&#8243;]<\/p>\n<p style=\"text-align: center;\"><span style=\"color: #ffffff;\"><strong>hult prize at galileo<\/strong><\/span><\/p>\n<p>[\/et_pb_text][\/et_pb_column][et_pb_column type=&#8221;1_3&#8243; _builder_version=&#8221;3.0.47&#8243; parallax=&#8221;off&#8221; parallax_method=&#8221;on&#8221;][et_pb_image src=&#8221;http:\/\/www.galileo.edu\/page\/wp-content\/uploads\/2022\/09\/2-1.png&#8221; align=&#8221;center&#8221; _builder_version=&#8221;3.2.2&#8243;][\/et_pb_image][et_pb_text _builder_version=&#8221;3.2.2&#8243;]<\/p>\n<p style=\"text-align: center;\"><span style=\"color: #ffffff;\"><strong>@hultprize.galileo<\/strong><\/span><\/p>\n<p>[\/et_pb_text][\/et_pb_column][\/et_pb_row][\/et_pb_section][et_pb_section fb_built=&#8221;1&#8243; _builder_version=&#8221;3.2.2&#8243; background_color=&#8221;#686868&#8243; custom_padding=&#8221;0|0px|0|0px|true|false&#8221;][et_pb_row custom_padding=&#8221;30px|0px|47px|0px|false|false&#8221; _builder_version=&#8221;3.2.2&#8243;][et_pb_column type=&#8221;1_4&#8243; _builder_version=&#8221;3.0.47&#8243; parallax=&#8221;off&#8221; parallax_method=&#8221;on&#8221;][et_pb_text _builder_version=&#8221;3.2.2&#8243; inline_fonts=&#8221;Poppins&#8221;]<\/p>\n<h3><span style=\"font-family: Poppins; font-weight: normal; color: #ffffff;\"><strong>Hult Prize Foundation<\/strong><\/span><\/h3>\n<p>[\/et_pb_text][\/et_pb_column][et_pb_column type=&#8221;1_4&#8243; _builder_version=&#8221;3.0.47&#8243; parallax=&#8221;off&#8221; parallax_method=&#8221;on&#8221;][et_pb_image src=&#8221;http:\/\/www.galileo.edu\/page\/wp-content\/uploads\/2022\/09\/1-2.png&#8221; url=&#8221;http:\/\/facebook.com\/hultprize&#8221; url_new_window=&#8221;on&#8221; align=&#8221;center&#8221; _builder_version=&#8221;3.2.2&#8243;][\/et_pb_image][et_pb_text _builder_version=&#8221;3.2.2&#8243;]<\/p>\n<p style=\"text-align: center;\"><span style=\"color: #ffffff;\"><strong>facebook.com\/hultprize<\/strong><\/span><\/p>\n<p>[\/et_pb_text][\/et_pb_column][et_pb_column type=&#8221;1_4&#8243; _builder_version=&#8221;3.0.47&#8243; parallax=&#8221;off&#8221; parallax_method=&#8221;on&#8221;][et_pb_image src=&#8221;http:\/\/www.galileo.edu\/page\/wp-content\/uploads\/2022\/09\/2-1.png&#8221; align=&#8221;center&#8221; _builder_version=&#8221;3.2.2&#8243;][\/et_pb_image][et_pb_text _builder_version=&#8221;3.2.2&#8243;]<\/p>\n<p style=\"text-align: center;\"><span style=\"color: #ffffff;\"><strong>@hultprize<\/strong><\/span><\/p>\n<p>[\/et_pb_text][\/et_pb_column][et_pb_column type=&#8221;1_4&#8243; _builder_version=&#8221;3.0.47&#8243; parallax=&#8221;off&#8221; parallax_method=&#8221;on&#8221;][et_pb_image src=&#8221;http:\/\/www.galileo.edu\/page\/wp-content\/uploads\/2022\/09\/3-1.png&#8221; url_new_window=&#8221;on&#8221; align=&#8221;center&#8221; _builder_version=&#8221;3.2.2&#8243;][\/et_pb_image][et_pb_text _builder_version=&#8221;3.2.2&#8243;]<\/p>\n<p style=\"text-align: center;\"><span style=\"color: #ffffff;\"><strong>@hultprize<\/strong><\/span><\/p>\n<p>[\/et_pb_text][\/et_pb_column][\/et_pb_row][\/et_pb_section]<\/p>\n","protected":false},"excerpt":{"rendered":"<p>\u00a1Gracias por Inscribirte al HULT PRIZE! Tu registro est\u00e1 completo. Revisa tu correo electr\u00f3nico para ver m\u00e1s detalles sobre el evento. Y qu\u00e9date pendiente porque recibir\u00e1s el enlace para conectarte. &nbsp; \u00a1Agenda la fecha! Ser\u00e1 el del7 de octubre del 2022 On campus program Galileo hult prize at galileo @hultprize.galileo Hult Prize Foundation facebook.com\/hultprize @hultprize [&hellip;]<\/p>\n","protected":false},"author":10,"featured_media":58584,"parent":0,"menu_order":0,"comment_status":"closed","ping_status":"closed","template":"page-template-blank.php","meta":{"_et_pb_use_builder":"on","_et_pb_old_content":"","_et_gb_content_width":""},"yoast_head":"<!-- This site is optimized with the Yoast SEO plugin v20.13 - https:\/\/yoast.com\/wordpress\/plugins\/seo\/ -->\n<title>Gracias por registrarte al Simposio de Ingenieras cambiando el mundo<\/title>\n<meta name=\"description\" content=\"Espacio pensado para que descubran los aportes que las mujeres han realizado al mundo y se incentiven a estudiar una carrera tecnol\u00f3gica.\" \/>\n<meta name=\"robots\" content=\"index, follow, max-snippet:-1, max-image-preview:large, max-video-preview:-1\" \/>\n<link rel=\"canonical\" href=\"https:\/\/www.galileo.edu\/page\/gracias-registro-hult-prize-oncampus-program-galileo\/\" \/>\n<meta property=\"og:locale\" content=\"en_US\" \/>\n<meta property=\"og:type\" content=\"article\" \/>\n<meta property=\"og:title\" content=\"Gracias por registrarte al Simposio de Ingenieras cambiando el mundo\" \/>\n<meta property=\"og:description\" content=\"Espacio pensado para que descubran los aportes que las mujeres han realizado al mundo y se incentiven a estudiar una carrera tecnol\u00f3gica.\" \/>\n<meta property=\"og:url\" content=\"https:\/\/www.galileo.edu\/page\/gracias-registro-hult-prize-oncampus-program-galileo\/\" \/>\n<meta property=\"og:site_name\" content=\"Universidad Galileo\" \/>\n<meta property=\"article:modified_time\" content=\"2022-10-03T22:50:17+00:00\" \/>\n<meta property=\"og:image\" content=\"https:\/\/www.galileo.edu\/page\/wp-content\/uploads\/2022\/09\/KICK-OFF-HUL-PRIZE_BANNER.jpg\" \/>\n\t<meta property=\"og:image:width\" content=\"554\" \/>\n\t<meta property=\"og:image:height\" content=\"674\" \/>\n\t<meta property=\"og:image:type\" content=\"image\/jpeg\" \/>\n<meta name=\"twitter:card\" content=\"summary_large_image\" \/>\n<meta name=\"twitter:label1\" content=\"Est. reading time\" \/>\n\t<meta name=\"twitter:data1\" content=\"4 minutes\" \/>\n<script type=\"application\/ld+json\" class=\"yoast-schema-graph\">{\"@context\":\"https:\/\/schema.org\",\"@graph\":[{\"@type\":\"WebPage\",\"@id\":\"https:\/\/www.galileo.edu\/page\/gracias-registro-hult-prize-oncampus-program-galileo\/\",\"url\":\"https:\/\/www.galileo.edu\/page\/gracias-registro-hult-prize-oncampus-program-galileo\/\",\"name\":\"Gracias por registrarte al Simposio de Ingenieras cambiando el mundo\",\"isPartOf\":{\"@id\":\"https:\/\/www.galileo.edu\/page\/#website\"},\"datePublished\":\"2022-09-29T22:06:45+00:00\",\"dateModified\":\"2022-10-03T22:50:17+00:00\",\"description\":\"Espacio pensado para que descubran los aportes que las mujeres han realizado al mundo y se incentiven a estudiar una carrera tecnol\u00f3gica.\",\"breadcrumb\":{\"@id\":\"https:\/\/www.galileo.edu\/page\/gracias-registro-hult-prize-oncampus-program-galileo\/#breadcrumb\"},\"inLanguage\":\"en-US\",\"potentialAction\":[{\"@type\":\"ReadAction\",\"target\":[\"https:\/\/www.galileo.edu\/page\/gracias-registro-hult-prize-oncampus-program-galileo\/\"]}]},{\"@type\":\"BreadcrumbList\",\"@id\":\"https:\/\/www.galileo.edu\/page\/gracias-registro-hult-prize-oncampus-program-galileo\/#breadcrumb\",\"itemListElement\":[{\"@type\":\"ListItem\",\"position\":1,\"name\":\"Home\",\"item\":\"https:\/\/www.galileo.edu\/page\/home\/\"},{\"@type\":\"ListItem\",\"position\":2,\"name\":\"Gracias HULT PRIZE\"}]},{\"@type\":\"WebSite\",\"@id\":\"https:\/\/www.galileo.edu\/page\/#website\",\"url\":\"https:\/\/www.galileo.edu\/page\/\",\"name\":\"Universidad Galileo\",\"description\":\"La revoluci\u00f3n en la educaci\u00f3n\",\"potentialAction\":[{\"@type\":\"SearchAction\",\"target\":{\"@type\":\"EntryPoint\",\"urlTemplate\":\"https:\/\/www.galileo.edu\/page\/?s={search_term_string}\"},\"query-input\":\"required name=search_term_string\"}],\"inLanguage\":\"en-US\"}]}<\/script>\n<!-- \/ Yoast SEO plugin. -->","yoast_head_json":{"title":"Gracias por registrarte al Simposio de Ingenieras cambiando el mundo","description":"Espacio pensado para que descubran los aportes que las mujeres han realizado al mundo y se incentiven a estudiar una carrera tecnol\u00f3gica.","robots":{"index":"index","follow":"follow","max-snippet":"max-snippet:-1","max-image-preview":"max-image-preview:large","max-video-preview":"max-video-preview:-1"},"canonical":"https:\/\/www.galileo.edu\/page\/gracias-registro-hult-prize-oncampus-program-galileo\/","og_locale":"en_US","og_type":"article","og_title":"Gracias por registrarte al Simposio de Ingenieras cambiando el mundo","og_description":"Espacio pensado para que descubran los aportes que las mujeres han realizado al mundo y se incentiven a estudiar una carrera tecnol\u00f3gica.","og_url":"https:\/\/www.galileo.edu\/page\/gracias-registro-hult-prize-oncampus-program-galileo\/","og_site_name":"Universidad Galileo","article_modified_time":"2022-10-03T22:50:17+00:00","og_image":[{"width":554,"height":674,"url":"https:\/\/www.galileo.edu\/page\/wp-content\/uploads\/2022\/09\/KICK-OFF-HUL-PRIZE_BANNER.jpg","type":"image\/jpeg"}],"twitter_card":"summary_large_image","twitter_misc":{"Est. reading time":"4 minutes"},"schema":{"@context":"https:\/\/schema.org","@graph":[{"@type":"WebPage","@id":"https:\/\/www.galileo.edu\/page\/gracias-registro-hult-prize-oncampus-program-galileo\/","url":"https:\/\/www.galileo.edu\/page\/gracias-registro-hult-prize-oncampus-program-galileo\/","name":"Gracias por registrarte al Simposio de Ingenieras cambiando el mundo","isPartOf":{"@id":"https:\/\/www.galileo.edu\/page\/#website"},"datePublished":"2022-09-29T22:06:45+00:00","dateModified":"2022-10-03T22:50:17+00:00","description":"Espacio pensado para que descubran los aportes que las mujeres han realizado al mundo y se incentiven a estudiar una carrera tecnol\u00f3gica.","breadcrumb":{"@id":"https:\/\/www.galileo.edu\/page\/gracias-registro-hult-prize-oncampus-program-galileo\/#breadcrumb"},"inLanguage":"en-US","potentialAction":[{"@type":"ReadAction","target":["https:\/\/www.galileo.edu\/page\/gracias-registro-hult-prize-oncampus-program-galileo\/"]}]},{"@type":"BreadcrumbList","@id":"https:\/\/www.galileo.edu\/page\/gracias-registro-hult-prize-oncampus-program-galileo\/#breadcrumb","itemListElement":[{"@type":"ListItem","position":1,"name":"Home","item":"https:\/\/www.galileo.edu\/page\/home\/"},{"@type":"ListItem","position":2,"name":"Gracias HULT PRIZE"}]},{"@type":"WebSite","@id":"https:\/\/www.galileo.edu\/page\/#website","url":"https:\/\/www.galileo.edu\/page\/","name":"Universidad Galileo","description":"La revoluci\u00f3n en la educaci\u00f3n","potentialAction":[{"@type":"SearchAction","target":{"@type":"EntryPoint","urlTemplate":"https:\/\/www.galileo.edu\/page\/?s={search_term_string}"},"query-input":"required name=search_term_string"}],"inLanguage":"en-US"}]}},"_links":{"self":[{"href":"https:\/\/www.galileo.edu\/page\/wp-json\/wp\/v2\/pages\/58575"}],"collection":[{"href":"https:\/\/www.galileo.edu\/page\/wp-json\/wp\/v2\/pages"}],"about":[{"href":"https:\/\/www.galileo.edu\/page\/wp-json\/wp\/v2\/types\/page"}],"author":[{"embeddable":true,"href":"https:\/\/www.galileo.edu\/page\/wp-json\/wp\/v2\/users\/10"}],"replies":[{"embeddable":true,"href":"https:\/\/www.galileo.edu\/page\/wp-json\/wp\/v2\/comments?post=58575"}],"version-history":[{"count":7,"href":"https:\/\/www.galileo.edu\/page\/wp-json\/wp\/v2\/pages\/58575\/revisions"}],"predecessor-version":[{"id":58648,"href":"https:\/\/www.galileo.edu\/page\/wp-json\/wp\/v2\/pages\/58575\/revisions\/58648"}],"wp:featuredmedia":[{"embeddable":true,"href":"https:\/\/www.galileo.edu\/page\/wp-json\/wp\/v2\/media\/58584"}],"wp:attachment":[{"href":"https:\/\/www.galileo.edu\/page\/wp-json\/wp\/v2\/media?parent=58575"}],"curies":[{"name":"wp","href":"https:\/\/api.w.org\/{rel}","templated":true}]}}