{"id":57744,"date":"2022-09-08T22:43:29","date_gmt":"2022-09-08T22:43:29","guid":{"rendered":"http:\/\/www.galileo.edu\/page\/?page_id=57744"},"modified":"2022-09-08T23:25:15","modified_gmt":"2022-09-08T23:25:15","slug":"gracias-registro-learning-with-moocs-viii-2022","status":"publish","type":"page","link":"https:\/\/www.galileo.edu\/page\/gracias-registro-learning-with-moocs-viii-2022\/","title":{"rendered":"Gracias Registro: Learning With MOOCS 2022"},"content":{"rendered":"<p>[et_pb_section fb_built=&#8221;1&#8243; _builder_version=&#8221;3.0.47&#8243;][et_pb_row custom_padding=&#8221;|||&#8221; _builder_version=&#8221;3.2.2&#8243; background_size=&#8221;initial&#8221; background_position=&#8221;top_left&#8221; background_repeat=&#8221;repeat&#8221;][et_pb_column type=&#8221;4_4&#8243; _builder_version=&#8221;3.0.47&#8243; parallax=&#8221;off&#8221; parallax_method=&#8221;on&#8221;][et_pb_text text_font_size=&#8221;43px&#8221; text_line_height=&#8221;1.3em&#8221; _builder_version=&#8221;3.2.2&#8243; text_font=&#8221;Montserrat|600|||||||&#8221; text_text_color=&#8221;#b70c2f&#8221;]<\/p>\n<p style=\"text-align: center;\">\u00a1Bienvenido a IEEE!<\/p>\n<p>[\/et_pb_text][et_pb_text text_font_size=&#8221;62px&#8221; text_line_height=&#8221;1.2em&#8221; _builder_version=&#8221;3.2.2&#8243; text_font=&#8221;Montserrat|800|||||||&#8221; custom_padding=&#8221;||0px|&#8221; custom_margin=&#8221;||0px|&#8221; text_text_color=&#8221;#006298&#8243;]<\/p>\n<p style=\"text-align: center;\">Learning With MOOCS 2022<\/p>\n<p>[\/et_pb_text][et_pb_text text_font_size=&#8221;33px&#8221; text_line_height=&#8221;1.3em&#8221; _builder_version=&#8221;3.2.2&#8243; text_font=&#8221;Montserrat||||||||&#8221;]<\/p>\n<p style=\"text-align: center;\">The 4th Industrial Revolution: From the Pandemic to the Remote World<\/p>\n<p>[\/et_pb_text][\/et_pb_column][\/et_pb_row][et_pb_row use_custom_width=&#8221;on&#8221; custom_width_px=&#8221;500px&#8221; _builder_version=&#8221;3.2.2&#8243;][et_pb_column type=&#8221;4_4&#8243; _builder_version=&#8221;3.2.2&#8243; parallax=&#8221;off&#8221; parallax_method=&#8221;on&#8221;][et_pb_text _builder_version=&#8221;3.2.2&#8243; text_font=&#8221;Montserrat||||||||&#8221; text_text_color=&#8221;#ffffff&#8221; text_font_size=&#8221;19px&#8221; text_line_height=&#8221;1.3em&#8221; background_color=&#8221;#b70c2f&#8221; border_radii=&#8221;on|16px|16px|16px|16px&#8221; box_shadow_style=&#8221;preset2&#8243; box_shadow_color=&#8221;rgba(0,0,0,0.48)&#8221; custom_padding=&#8221;20px|20px|20px|20px&#8221;]<\/p>\n<p style=\"text-align: left;\"><strong>Para completar el registro realizar la transferencia bancaria\/dep\u00f3sito a la cuenta en quetzales:<\/strong><\/p>\n<p>Cuenta:<br \/> Universidad Galileo<br \/> 000-142683-2<br \/> BANCO INDUSTRIAL, S.A.<br \/> Monto: Q200<\/p>\n<p style=\"text-align: left;\"><em>Enviar boleta de dep\u00f3sito\/transferencia a la cuenta lwmoocs@galileo.edu<\/em><\/p>\n<p>[\/et_pb_text][\/et_pb_column][\/et_pb_row][\/et_pb_section][et_pb_section fb_built=&#8221;1&#8243; _builder_version=&#8221;3.2.2&#8243; background_color=&#8221;#f7f7f7&#8243;][et_pb_row custom_padding=&#8221;27px|0px|62px|0px|false|false&#8221; _builder_version=&#8221;3.0.47&#8243; background_size=&#8221;initial&#8221; background_position=&#8221;top_left&#8221; background_repeat=&#8221;repeat&#8221;][et_pb_column type=&#8221;4_4&#8243; _builder_version=&#8221;3.0.47&#8243; parallax=&#8221;off&#8221; parallax_method=&#8221;on&#8221;][et_pb_text _builder_version=&#8221;3.2.2&#8243;]<\/p>\n<p style=\"text-align: justify;\">Tu pre-registro est\u00e1 completo. <strong>Revisa tu correo electr\u00f3nico<\/strong> para ver m\u00e1s detalles y completar tu registro. <\/p>\n<p>Si no recibes el correo con la informaci\u00f3n de parte de Universidad Galileo en los pr\u00f3ximos minutos, <strong>busca en tus otras carpetas de correo como \u201cPromociones\u201d, \u201cNotificaciones\u201d o \u201cNewsletter\u201d, o bien en \u201cNo deseado\u201d o \u201cSpam\u201d, algunas veces se filtran all\u00ed.<\/strong> Si no te llega el correo electr\u00f3nico, puede ser que escribiste mal tu email, por lo que te pedimos que vuelvas a llenar tus datos en la p\u00e1gina anterior a esta y revisa que est\u00e9n bien escritos.<\/p>\n<p>[\/et_pb_text][\/et_pb_column][\/et_pb_row][et_pb_row custom_padding=&#8221;17px|0px|0|0px|false|false&#8221; disabled_on=&#8221;off|off|off&#8221; _builder_version=&#8221;3.2.2&#8243;][et_pb_column type=&#8221;1_2&#8243; _builder_version=&#8221;3.0.47&#8243; parallax=&#8221;off&#8221; parallax_method=&#8221;on&#8221;][et_pb_blurb title=&#8221;PBX&#8221; image=&#8221;http:\/\/www.galileo.edu\/page\/wp-content\/uploads\/2019\/05\/telephone.png&#8221; image_max_width=&#8221;18%&#8221; _builder_version=&#8221;3.2.2&#8243; header_font=&#8221;||||||||&#8221; header_text_align=&#8221;center&#8221;]<\/p>\n<p style=\"text-align: center;\">+502 2423-8020 ext. 7411 y 7412<\/p>\n<p>[\/et_pb_blurb][\/et_pb_column][et_pb_column type=&#8221;1_2&#8243; _builder_version=&#8221;3.0.47&#8243; parallax=&#8221;off&#8221; parallax_method=&#8221;on&#8221;][et_pb_blurb title=&#8221;Correo electr\u00f3nico&#8221; image=&#8221;http:\/\/www.galileo.edu\/page\/wp-content\/uploads\/2019\/05\/mail-1.png&#8221; image_max_width=&#8221;18%&#8221; _builder_version=&#8221;3.2.2&#8243; header_font=&#8221;||||||||&#8221; header_text_align=&#8221;center&#8221; text_orientation=&#8221;center&#8221;]<a class=\"Xx\" href=\"mailto:lwmoocs@galileo.edu\" target=\"_blank\" rel=\"nofollow noopener noreferrer\">lwmoocs@galileo.edu<\/a>[\/et_pb_blurb][\/et_pb_column][\/et_pb_row][\/et_pb_section][et_pb_section fb_built=&#8221;1&#8243; custom_padding_last_edited=&#8221;on|desktop&#8221; admin_label=&#8221;patrocinadores&#8221; _builder_version=&#8221;3.2.2&#8243; custom_padding=&#8221;3%||5%||false|false&#8221; global_module=&#8221;57762&#8243;][et_pb_row _builder_version=&#8221;3.2.2&#8243;][et_pb_column type=&#8221;4_4&#8243; _builder_version=&#8221;3.0.47&#8243; parallax=&#8221;off&#8221; parallax_method=&#8221;on&#8221;][et_pb_text _builder_version=&#8221;3.2.2&#8243; text_font=&#8221;Montserrat||||||||&#8221; text_font_size=&#8221;22px&#8221; text_font_size_last_edited=&#8221;on|desktop&#8221; text_line_height=&#8221;1.4em&#8221; text_line_height_last_edited=&#8221;on|desktop&#8221; header_font=&#8221;||||||||&#8221; header_2_font=&#8221;Montserrat|700|||||||&#8221; header_2_text_align=&#8221;center&#8221; header_2_text_color=&#8221;#006298&#8243; header_2_font_size=&#8221;35px&#8221; header_2_font_size_phone=&#8221;22px&#8221; header_2_font_size_last_edited=&#8221;on|desktop&#8221; header_2_line_height=&#8221;1.3em&#8221; header_2_line_height_last_edited=&#8221;on|desktop&#8221;]<\/p>\n<h2>Organizado por<\/h2>\n<p>[\/et_pb_text][\/et_pb_column][\/et_pb_row][et_pb_row use_custom_width=&#8221;on&#8221; width_unit=&#8221;off&#8221; custom_width_percent=&#8221;65%&#8221; disabled_on=&#8221;off|off|off&#8221; _builder_version=&#8221;3.2.2&#8243;][et_pb_column type=&#8221;4_4&#8243; _builder_version=&#8221;3.0.47&#8243; parallax=&#8221;off&#8221; parallax_method=&#8221;on&#8221;][et_pb_image src=&#8221;http:\/\/www.galileo.edu\/page\/wp-content\/uploads\/2020\/08\/logo_u_galileo.png&#8221; url=&#8221;https:\/\/www.galileo.edu\/&#8221; url_new_window=&#8221;on&#8221; align=&#8221;center&#8221; _builder_version=&#8221;3.2.2&#8243; max_width=&#8221;30%&#8221; max_width_phone=&#8221;50%&#8221; max_width_last_edited=&#8221;on|desktop&#8221; module_alignment=&#8221;center&#8221;][\/et_pb_image][\/et_pb_column][\/et_pb_row][et_pb_row _builder_version=&#8221;3.2.2&#8243;][et_pb_column type=&#8221;4_4&#8243; _builder_version=&#8221;3.0.47&#8243; parallax=&#8221;off&#8221; parallax_method=&#8221;on&#8221;][et_pb_text _builder_version=&#8221;3.2.2&#8243; text_font=&#8221;Montserrat||||||||&#8221; text_font_size=&#8221;22px&#8221; text_font_size_last_edited=&#8221;on|desktop&#8221; text_line_height=&#8221;1.4em&#8221; text_line_height_last_edited=&#8221;on|desktop&#8221; header_font=&#8221;||||||||&#8221; header_2_font=&#8221;Montserrat|700|||||||&#8221; header_2_text_align=&#8221;center&#8221; header_2_text_color=&#8221;#006298&#8243; header_2_font_size=&#8221;25px&#8221; header_2_font_size_phone=&#8221;22px&#8221; header_2_font_size_last_edited=&#8221;on|desktop&#8221; header_2_line_height=&#8221;1.3em&#8221; header_2_line_height_last_edited=&#8221;on|desktop&#8221;]<\/p>\n<h2>En colaboraci\u00f3n con:<\/h2>\n<p>[\/et_pb_text][\/et_pb_column][\/et_pb_row][et_pb_row use_custom_width=&#8221;on&#8221; width_unit=&#8221;off&#8221; _builder_version=&#8221;3.2.2&#8243; module_alignment=&#8221;center&#8221;][et_pb_column type=&#8221;1_4&#8243; _builder_version=&#8221;3.2.2&#8243; parallax=&#8221;off&#8221; parallax_method=&#8221;on&#8221;][et_pb_image url_new_window=&#8221;on&#8221; src=&#8221;http:\/\/www.galileo.edu\/page\/wp-content\/uploads\/2022\/09\/ieee_edsoc-1.png&#8221; _builder_version=&#8221;3.2.2&#8243; url=&#8221;https:\/\/ieee-edusociety.org\/   &#8220;][\/et_pb_image][\/et_pb_column][et_pb_column type=&#8221;1_4&#8243; _builder_version=&#8221;3.2.2&#8243; parallax=&#8221;off&#8221; parallax_method=&#8221;on&#8221;][et_pb_image url_new_window=&#8221;on&#8221; src=&#8221;http:\/\/www.galileo.edu\/page\/wp-content\/uploads\/2022\/09\/PROF-XXI-ERASMUS-1.png&#8221; _builder_version=&#8221;3.2.2&#8243; url=&#8221;http:\/\/www.profxxi.org&#8221;][\/et_pb_image][\/et_pb_column][et_pb_column type=&#8221;1_4&#8243; _builder_version=&#8221;3.2.2&#8243; parallax=&#8221;off&#8221; parallax_method=&#8221;on&#8221;][et_pb_image url_new_window=&#8221;on&#8221; src=&#8221;http:\/\/www.galileo.edu\/page\/wp-content\/uploads\/2022\/09\/UNED-1.png&#8221; _builder_version=&#8221;3.2.2&#8243; url=&#8221;https:\/\/www.uned.es\/&#8221;][\/et_pb_image][\/et_pb_column][et_pb_column type=&#8221;1_4&#8243; _builder_version=&#8221;3.2.2&#8243; parallax=&#8221;off&#8221; parallax_method=&#8221;on&#8221;][et_pb_image url_new_window=&#8221;on&#8221; src=&#8221;http:\/\/www.galileo.edu\/page\/wp-content\/uploads\/2022\/09\/UPM-1.png&#8221; _builder_version=&#8221;3.2.2&#8243; url=&#8221;https:\/\/www.upm.es\/&#8221;][\/et_pb_image][\/et_pb_column][\/et_pb_row][\/et_pb_section]<\/p>\n","protected":false},"excerpt":{"rendered":"<p>\u00a1Bienvenido a IEEE! Learning With MOOCS 2022 The 4th Industrial Revolution: From the Pandemic to the Remote World Para completar el registro realizar la transferencia bancaria\/dep\u00f3sito a la cuenta en quetzales: Cuenta: Universidad Galileo 000-142683-2 BANCO INDUSTRIAL, S.A. Monto: Q200 Enviar boleta de dep\u00f3sito\/transferencia a la cuenta lwmoocs@galileo.eduTu pre-registro est\u00e1 completo. Revisa tu correo electr\u00f3nico [&hellip;]<\/p>\n","protected":false},"author":10,"featured_media":0,"parent":0,"menu_order":0,"comment_status":"closed","ping_status":"closed","template":"page-template-blank.php","meta":{"_et_pb_use_builder":"on","_et_pb_old_content":"","_et_gb_content_width":""},"yoast_head":"<!-- This site is optimized with the Yoast SEO plugin v20.13 - https:\/\/yoast.com\/wordpress\/plugins\/seo\/ -->\n<title>Gracias Registro: Learning With MOOCS 2022<\/title>\n<meta name=\"robots\" content=\"index, follow, max-snippet:-1, max-image-preview:large, max-video-preview:-1\" \/>\n<link rel=\"canonical\" href=\"https:\/\/www.galileo.edu\/page\/gracias-registro-learning-with-moocs-viii-2022\/\" \/>\n<meta property=\"og:locale\" content=\"en_US\" \/>\n<meta property=\"og:type\" content=\"article\" \/>\n<meta property=\"og:title\" content=\"Gracias Registro: Learning With MOOCS 2022\" \/>\n<meta property=\"og:description\" content=\"\u00a1Bienvenido a IEEE! Learning With MOOCS 2022 The 4th Industrial Revolution: From the Pandemic to the Remote World Para completar el registro realizar la transferencia bancaria\/dep\u00f3sito a la cuenta en quetzales: Cuenta: Universidad Galileo 000-142683-2 BANCO INDUSTRIAL, S.A. Monto: Q200 Enviar boleta de dep\u00f3sito\/transferencia a la cuenta lwmoocs@galileo.eduTu pre-registro est\u00e1 completo. Revisa tu correo electr\u00f3nico [&hellip;]\" \/>\n<meta property=\"og:url\" content=\"https:\/\/www.galileo.edu\/page\/gracias-registro-learning-with-moocs-viii-2022\/\" \/>\n<meta property=\"og:site_name\" content=\"Universidad Galileo\" \/>\n<meta property=\"article:modified_time\" content=\"2022-09-08T23:25:15+00:00\" \/>\n<meta name=\"twitter:card\" content=\"summary_large_image\" \/>\n<meta name=\"twitter:label1\" content=\"Est. reading time\" \/>\n\t<meta name=\"twitter:data1\" content=\"5 minutes\" \/>\n<script type=\"application\/ld+json\" class=\"yoast-schema-graph\">{\"@context\":\"https:\/\/schema.org\",\"@graph\":[{\"@type\":\"WebPage\",\"@id\":\"https:\/\/www.galileo.edu\/page\/gracias-registro-learning-with-moocs-viii-2022\/\",\"url\":\"https:\/\/www.galileo.edu\/page\/gracias-registro-learning-with-moocs-viii-2022\/\",\"name\":\"Gracias Registro: Learning With MOOCS 2022\",\"isPartOf\":{\"@id\":\"https:\/\/www.galileo.edu\/page\/#website\"},\"datePublished\":\"2022-09-08T22:43:29+00:00\",\"dateModified\":\"2022-09-08T23:25:15+00:00\",\"breadcrumb\":{\"@id\":\"https:\/\/www.galileo.edu\/page\/gracias-registro-learning-with-moocs-viii-2022\/#breadcrumb\"},\"inLanguage\":\"en-US\",\"potentialAction\":[{\"@type\":\"ReadAction\",\"target\":[\"https:\/\/www.galileo.edu\/page\/gracias-registro-learning-with-moocs-viii-2022\/\"]}]},{\"@type\":\"BreadcrumbList\",\"@id\":\"https:\/\/www.galileo.edu\/page\/gracias-registro-learning-with-moocs-viii-2022\/#breadcrumb\",\"itemListElement\":[{\"@type\":\"ListItem\",\"position\":1,\"name\":\"Home\",\"item\":\"https:\/\/www.galileo.edu\/page\/home\/\"},{\"@type\":\"ListItem\",\"position\":2,\"name\":\"Gracias Registro: Learning With MOOCS 2022\"}]},{\"@type\":\"WebSite\",\"@id\":\"https:\/\/www.galileo.edu\/page\/#website\",\"url\":\"https:\/\/www.galileo.edu\/page\/\",\"name\":\"Universidad Galileo\",\"description\":\"La revoluci\u00f3n en la educaci\u00f3n\",\"potentialAction\":[{\"@type\":\"SearchAction\",\"target\":{\"@type\":\"EntryPoint\",\"urlTemplate\":\"https:\/\/www.galileo.edu\/page\/?s={search_term_string}\"},\"query-input\":\"required name=search_term_string\"}],\"inLanguage\":\"en-US\"}]}<\/script>\n<!-- \/ Yoast SEO plugin. -->","yoast_head_json":{"title":"Gracias Registro: Learning With MOOCS 2022","robots":{"index":"index","follow":"follow","max-snippet":"max-snippet:-1","max-image-preview":"max-image-preview:large","max-video-preview":"max-video-preview:-1"},"canonical":"https:\/\/www.galileo.edu\/page\/gracias-registro-learning-with-moocs-viii-2022\/","og_locale":"en_US","og_type":"article","og_title":"Gracias Registro: Learning With MOOCS 2022","og_description":"\u00a1Bienvenido a IEEE! Learning With MOOCS 2022 The 4th Industrial Revolution: From the Pandemic to the Remote World Para completar el registro realizar la transferencia bancaria\/dep\u00f3sito a la cuenta en quetzales: Cuenta: Universidad Galileo 000-142683-2 BANCO INDUSTRIAL, S.A. Monto: Q200 Enviar boleta de dep\u00f3sito\/transferencia a la cuenta lwmoocs@galileo.eduTu pre-registro est\u00e1 completo. Revisa tu correo electr\u00f3nico [&hellip;]","og_url":"https:\/\/www.galileo.edu\/page\/gracias-registro-learning-with-moocs-viii-2022\/","og_site_name":"Universidad Galileo","article_modified_time":"2022-09-08T23:25:15+00:00","twitter_card":"summary_large_image","twitter_misc":{"Est. reading time":"5 minutes"},"schema":{"@context":"https:\/\/schema.org","@graph":[{"@type":"WebPage","@id":"https:\/\/www.galileo.edu\/page\/gracias-registro-learning-with-moocs-viii-2022\/","url":"https:\/\/www.galileo.edu\/page\/gracias-registro-learning-with-moocs-viii-2022\/","name":"Gracias Registro: Learning With MOOCS 2022","isPartOf":{"@id":"https:\/\/www.galileo.edu\/page\/#website"},"datePublished":"2022-09-08T22:43:29+00:00","dateModified":"2022-09-08T23:25:15+00:00","breadcrumb":{"@id":"https:\/\/www.galileo.edu\/page\/gracias-registro-learning-with-moocs-viii-2022\/#breadcrumb"},"inLanguage":"en-US","potentialAction":[{"@type":"ReadAction","target":["https:\/\/www.galileo.edu\/page\/gracias-registro-learning-with-moocs-viii-2022\/"]}]},{"@type":"BreadcrumbList","@id":"https:\/\/www.galileo.edu\/page\/gracias-registro-learning-with-moocs-viii-2022\/#breadcrumb","itemListElement":[{"@type":"ListItem","position":1,"name":"Home","item":"https:\/\/www.galileo.edu\/page\/home\/"},{"@type":"ListItem","position":2,"name":"Gracias Registro: Learning With MOOCS 2022"}]},{"@type":"WebSite","@id":"https:\/\/www.galileo.edu\/page\/#website","url":"https:\/\/www.galileo.edu\/page\/","name":"Universidad Galileo","description":"La revoluci\u00f3n en la educaci\u00f3n","potentialAction":[{"@type":"SearchAction","target":{"@type":"EntryPoint","urlTemplate":"https:\/\/www.galileo.edu\/page\/?s={search_term_string}"},"query-input":"required name=search_term_string"}],"inLanguage":"en-US"}]}},"_links":{"self":[{"href":"https:\/\/www.galileo.edu\/page\/wp-json\/wp\/v2\/pages\/57744"}],"collection":[{"href":"https:\/\/www.galileo.edu\/page\/wp-json\/wp\/v2\/pages"}],"about":[{"href":"https:\/\/www.galileo.edu\/page\/wp-json\/wp\/v2\/types\/page"}],"author":[{"embeddable":true,"href":"https:\/\/www.galileo.edu\/page\/wp-json\/wp\/v2\/users\/10"}],"replies":[{"embeddable":true,"href":"https:\/\/www.galileo.edu\/page\/wp-json\/wp\/v2\/comments?post=57744"}],"version-history":[{"count":11,"href":"https:\/\/www.galileo.edu\/page\/wp-json\/wp\/v2\/pages\/57744\/revisions"}],"predecessor-version":[{"id":57799,"href":"https:\/\/www.galileo.edu\/page\/wp-json\/wp\/v2\/pages\/57744\/revisions\/57799"}],"wp:attachment":[{"href":"https:\/\/www.galileo.edu\/page\/wp-json\/wp\/v2\/media?parent=57744"}],"curies":[{"name":"wp","href":"https:\/\/api.w.org\/{rel}","templated":true}]}}