{"id":48080,"date":"2022-02-15T19:02:12","date_gmt":"2022-02-15T19:02:12","guid":{"rendered":"https:\/\/www.galileo.edu\/page\/?page_id=48080"},"modified":"2022-02-15T20:30:56","modified_gmt":"2022-02-15T20:30:56","slug":"gracias-registro-perspectiva-socio-analitica-relevancia-nutraceuticos","status":"publish","type":"page","link":"https:\/\/www.galileo.edu\/page\/gracias-registro-perspectiva-socio-analitica-relevancia-nutraceuticos\/","title":{"rendered":"Gracias Webinar Una perspectiva socio anal\u00edtica de la relevancia de los nutrac\u00e9uticos"},"content":{"rendered":"<p>[et_pb_section fb_built=&#8221;1&#8243; _builder_version=&#8221;3.2.2&#8243; background_color=&#8221;#ffffff&#8221; background_image=&#8221;http:\/\/www.galileo.edu\/page\/wp-content\/uploads\/2022\/02\/fondo-1.png&#8221; custom_padding=&#8221;54px|0px|0|0px|false|false&#8221;][et_pb_row custom_margin=&#8221;144px|||&#8221; _builder_version=&#8221;3.2.2&#8243; module_alignment=&#8221;center&#8221; custom_margin_tablet=&#8221;71px|||66px&#8221; custom_margin_phone=&#8221;64px|||55px&#8221; custom_margin_last_edited=&#8221;on|phone&#8221;][et_pb_column type=&#8221;4_4&#8243; _builder_version=&#8221;3.0.47&#8243; parallax=&#8221;off&#8221; parallax_method=&#8221;on&#8221;][et_pb_image src=&#8221;http:\/\/www.galileo.edu\/page\/wp-content\/uploads\/2022\/02\/Horizontal_Mesa-de-trabajo-1_Mesa-de-trabajo-1.jpg&#8221; show_bottom_space=&#8221;off&#8221; align=&#8221;center&#8221; _builder_version=&#8221;3.2.2&#8243; max_width=&#8221;78%&#8221; max_width_tablet=&#8221;88%&#8221; max_width_phone=&#8221;88%&#8221; max_width_last_edited=&#8221;on|tablet&#8221; module_alignment=&#8221;center&#8221; custom_margin=&#8221;-199px||68px|&#8221; custom_margin_tablet=&#8221;-142px||67px|&#8221; custom_margin_phone=&#8221;||47px|&#8221; custom_margin_last_edited=&#8221;on|phone&#8221; animation_style=&#8221;zoom&#8221;][\/et_pb_image][et_pb_text _builder_version=&#8221;3.2.2&#8243; text_font=&#8221;Poppins|700|||||||&#8221; text_text_color=&#8221;#1C8870&#8243; text_font_size=&#8221;36px&#8221; text_font_size_tablet=&#8221;19px&#8221; text_font_size_phone=&#8221;13px&#8221; text_font_size_last_edited=&#8221;on|phone&#8221; text_line_height=&#8221;1.8em&#8221; text_orientation=&#8221;center&#8221; max_width_tablet=&#8221;100%&#8221; max_width_last_edited=&#8221;on|phone&#8221; module_alignment=&#8221;center&#8221; custom_margin=&#8221;-47px|||&#8221; custom_margin_tablet=&#8221;-49px|||&#8221; custom_margin_phone=&#8221;-34px|||&#8221; custom_margin_last_edited=&#8221;on|phone&#8221; animation_style=&#8221;slide&#8221; animation_duration=&#8221;400ms&#8221;]\u00a1Gracias por registrarte al Webinar &#8220;Una perspectiva socio anal\u00edtica de la relevancia de los nutrac\u00e9nticos&#8221;!<br \/>\n[\/et_pb_text][et_pb_text _builder_version=&#8221;3.2.2&#8243; text_font=&#8221;Poppins||||||||&#8221; text_text_color=&#8221;#7c7c7c&#8221; text_font_size=&#8221;36px&#8221; text_font_size_tablet=&#8221;19px&#8221; text_font_size_phone=&#8221;13px&#8221; text_font_size_last_edited=&#8221;on|phone&#8221; text_line_height=&#8221;1.8em&#8221; header_font=&#8221;||||||||&#8221; header_5_font=&#8221;||||||||&#8221; header_5_text_color=&#8221;#7c7c7c&#8221; header_6_font=&#8221;||||||||&#8221; text_orientation=&#8221;center&#8221; max_width_tablet=&#8221;100%&#8221; max_width_phone=&#8221;100%&#8221; max_width_last_edited=&#8221;on|phone&#8221; module_alignment=&#8221;center&#8221; custom_margin=&#8221;-22px|||&#8221; custom_margin_tablet=&#8221;-10px||-30px|&#8221; custom_margin_phone=&#8221;||-40px|&#8221; custom_margin_last_edited=&#8221;on|phone&#8221; animation_style=&#8221;slide&#8221; animation_duration=&#8221;400ms&#8221;]<\/p>\n<h5><b>Thank you for registering for the Webinar <\/b><b>The Relevance of Nutraceuticals in 2022 and Beyond: A Socio-Analytical Perspective<\/b><\/h5>\n<p>[\/et_pb_text][\/et_pb_column][\/et_pb_row][et_pb_row custom_padding=&#8221;27px|0px|0|0px|false|false&#8221; _builder_version=&#8221;3.2.2&#8243;][et_pb_column type=&#8221;4_4&#8243; _builder_version=&#8221;3.2.2&#8243; parallax=&#8221;off&#8221; parallax_method=&#8221;on&#8221;][et_pb_text _builder_version=&#8221;3.2.2&#8243; text_font=&#8221;Poppins||||||||&#8221; text_font_size=&#8221;18px&#8221; custom_margin=&#8221;-30px|||&#8221; custom_margin_phone=&#8221;-31px|||&#8221; custom_margin_last_edited=&#8221;on|desktop&#8221;]<\/p>\n<p style=\"text-align: justify;\"><b>Revisa tu correo electr\u00f3nico.<\/b><span style=\"font-weight: 400;\"> En pocos minutos recibir\u00e1s la informaci\u00f3n que solicitaste. Si no recibes el correo con la informaci\u00f3n de parte de Universidad Galileo en los pr\u00f3ximos minutos,<\/span><b> busca en tus otras carpetas de correo como \u201cPromociones\u201d, \u201cNotificaciones\u201d o \u201cNewsletter\u201d, o bien en \u201cNo deseado\u201d o \u201cSpam\u201d, algunas veces se filtran all\u00ed<\/b><span style=\"font-weight: 400;\">. Si no te llega el correo electr\u00f3nico, puede ser que escribiste mal tu email, por lo que te pedimos que vuelvas a llenar tus datos en la p\u00e1gina anterior a esta y revisa que est\u00e9n bien escritos. Agenda la fecha, el Webinar gratuito ser\u00e1 el <\/span><b>MI\u00c9RCOLES 23 DE FEBRERO<\/b><span style=\"font-weight: 400;\">\u00a0del a\u00f1o 2022 a las <\/span><b>15:30 horas Guatemala<\/b><span style=\"font-weight: 400;\"> (UTC-6).\u00a0<\/span><\/p>\n<p style=\"text-align: justify;\">[\/et_pb_text][\/et_pb_column][\/et_pb_row][et_pb_row custom_padding=&#8221;9px|0px|0|0px|false|false&#8221; _builder_version=&#8221;3.2.2&#8243;][et_pb_column type=&#8221;4_4&#8243; _builder_version=&#8221;3.2.2&#8243; parallax=&#8221;off&#8221; parallax_method=&#8221;on&#8221;][et_pb_text _builder_version=&#8221;3.2.2&#8243; text_font=&#8221;Poppins||||||||&#8221; text_text_color=&#8221;#848484&#8243;]<\/p>\n<p style=\"text-align: justify;\"><span style=\"font-weight: 400;\">Check your email. In a few minutes you will receive the information you requested. If you do not receive the email with the information from Universidad Galileo in the next few minutes, look in your other mail folders such as &#8220;Promotions&#8221;, &#8220;Notifications&#8221; or &#8220;Newsletter&#8221;, or in &#8220;Junk&#8221; or &#8220;Spam&#8221;, sometimes they leak there. If you do not receive the email, it may be that you misspelled your email, so we ask you to fill in your data again on the page prior to this one and check that they are correctly written. Save the date, the free Webinar will be on WEDNESDAY, FEBRUARY 23, 2022 at 3:30 p.m. Guatemala (UTC-6).\u00a0<\/span><\/p>\n<p>[\/et_pb_text][\/et_pb_column][\/et_pb_row][et_pb_row custom_padding=&#8221;|||&#8221; custom_margin=&#8221;19px||16px|&#8221; _builder_version=&#8221;3.2.2&#8243; custom_margin_tablet=&#8221;-16px||-26px|&#8221; custom_margin_phone=&#8221;-15px||-21px|&#8221; custom_margin_last_edited=&#8221;on|phone&#8221;][et_pb_column type=&#8221;1_3&#8243; _builder_version=&#8221;3.2.2&#8243; parallax=&#8221;off&#8221; parallax_method=&#8221;on&#8221;][et_pb_image src=&#8221;http:\/\/www.galileo.edu\/page\/wp-content\/uploads\/2022\/02\/Recurso-2-1.png&#8221; url=&#8221;https:\/\/nutrition.phytoessence.org\/1\/&#8221; url_new_window=&#8221;on&#8221; align=&#8221;center&#8221; _builder_version=&#8221;3.2.2&#8243; animation_style=&#8221;fade&#8221;][\/et_pb_image][\/et_pb_column][et_pb_column type=&#8221;1_3&#8243; _builder_version=&#8221;3.2.2&#8243; parallax=&#8221;off&#8221; parallax_method=&#8221;on&#8221;][et_pb_image src=&#8221;http:\/\/www.galileo.edu\/page\/wp-content\/uploads\/2022\/02\/descarga.png&#8221; url=&#8221;https:\/\/nourishedwriting.com\/&#8221; url_new_window=&#8221;on&#8221; align=&#8221;center&#8221; _builder_version=&#8221;3.2.2&#8243; max_width=&#8221;21%&#8221; max_width_tablet=&#8221;17%&#8221; max_width_phone=&#8221;25%&#8221; max_width_last_edited=&#8221;on|phone&#8221; animation_style=&#8221;fade&#8221;][\/et_pb_image][\/et_pb_column][et_pb_column type=&#8221;1_3&#8243; _builder_version=&#8221;3.2.2&#8243; parallax=&#8221;off&#8221; parallax_method=&#8221;on&#8221;][et_pb_image src=&#8221;http:\/\/www.galileo.edu\/page\/wp-content\/uploads\/2022\/02\/logo-galileo-01-3.png&#8221; url_new_window=&#8221;on&#8221; align=&#8221;center&#8221; _builder_version=&#8221;3.2.2&#8243; max_width=&#8221;69%&#8221; max_width_tablet=&#8221;32%&#8221; max_width_phone=&#8221;46%&#8221; max_width_last_edited=&#8221;on|phone&#8221; module_alignment=&#8221;center&#8221; custom_margin=&#8221;|||&#8221; custom_margin_tablet=&#8221;|||&#8221; custom_margin_phone=&#8221;|||&#8221; custom_margin_last_edited=&#8221;on|phone&#8221; url=&#8221;https:\/\/www.galileo.edu\/&#8221;][\/et_pb_image][et_pb_social_media_follow _builder_version=&#8221;3.2.2&#8243; text_orientation=&#8221;center&#8221; max_width_last_edited=&#8221;on|desktop&#8221; custom_margin=&#8221;-30px|||55px&#8221; custom_margin_tablet=&#8221;|||45px&#8221; custom_margin_phone=&#8221;|||30px&#8221; custom_margin_last_edited=&#8221;on|phone&#8221;][et_pb_social_media_follow_network social_network=&#8221;facebook&#8221; url=&#8221;https:\/\/www.facebook.com\/ugalileo%20&#8243; _builder_version=&#8221;3.2.2&#8243; background_color=&#8221;#3b5998&#8243; follow_button=&#8221;off&#8221; url_new_window=&#8221;on&#8221;]facebook[\/et_pb_social_media_follow_network][et_pb_social_media_follow_network social_network=&#8221;instagram&#8221; url=&#8221;https:\/\/www.instagram.com\/ugalileo_edu%20&#8243; _builder_version=&#8221;3.2.2&#8243; background_color=&#8221;#ea2c59&#8243; follow_button=&#8221;off&#8221; url_new_window=&#8221;on&#8221;]instagram[\/et_pb_social_media_follow_network][\/et_pb_social_media_follow][\/et_pb_column][\/et_pb_row][et_pb_row custom_padding=&#8221;0|0px|0|0px|false|false&#8221; _builder_version=&#8221;3.2.2&#8243; custom_margin_last_edited=&#8221;on|phone&#8221;][et_pb_column type=&#8221;1_3&#8243; _builder_version=&#8221;3.0.47&#8243; parallax=&#8221;off&#8221; parallax_method=&#8221;on&#8221;][et_pb_blurb title=&#8221;PBX&#8221; image=&#8221;http:\/\/www.galileo.edu\/page\/wp-content\/uploads\/2019\/05\/telephone.png&#8221; image_max_width=&#8221;25%&#8221; _builder_version=&#8221;3.2.2&#8243; header_font=&#8221;Poppins|700|||||||&#8221; header_text_align=&#8221;center&#8221; header_text_color=&#8221;#638CEF&#8221; body_font=&#8221;||||||||&#8221; body_text_align=&#8221;center&#8221; text_orientation=&#8221;center&#8221; custom_margin_last_edited=&#8221;on|phone&#8221;]<\/p>\n<p style=\"text-align: center;\">+502 2423-8010<\/p>\n<p>[\/et_pb_blurb][\/et_pb_column][et_pb_column type=&#8221;1_3&#8243; _builder_version=&#8221;3.0.47&#8243; parallax=&#8221;off&#8221; parallax_method=&#8221;on&#8221;][et_pb_blurb title=&#8221;Correo electr\u00f3nico&#8221; image=&#8221;http:\/\/www.galileo.edu\/page\/wp-content\/uploads\/2019\/05\/mail-1.png&#8221; image_max_width=&#8221;25%&#8221; _builder_version=&#8221;3.2.2&#8243; header_font=&#8221;Poppins|700|||||||&#8221; header_text_align=&#8221;center&#8221; header_text_color=&#8221;#638CEF&#8221; body_font=&#8221;||||||||&#8221; body_text_align=&#8221;center&#8221; text_orientation=&#8221;center&#8221;]<\/p>\n<p style=\"text-align: center;\"><span style=\"font-weight: 400;\"><a href=\"mailto:fabiqconsultas@galileo.edu\">fabiqconsultas@galileo.edu<\/a><\/span><\/p>\n<p>[\/et_pb_blurb][\/et_pb_column][et_pb_column type=&#8221;1_3&#8243; _builder_version=&#8221;3.0.47&#8243; parallax=&#8221;off&#8221; parallax_method=&#8221;on&#8221;][et_pb_blurb title=&#8221;Direcci\u00f3n&#8221; image=&#8221;http:\/\/www.galileo.edu\/page\/wp-content\/uploads\/2019\/05\/placeholder-1.png&#8221; image_max_width=&#8221;25%&#8221; _builder_version=&#8221;3.2.2&#8243; header_font=&#8221;Poppins|800|||||||&#8221; header_text_align=&#8221;center&#8221; header_text_color=&#8221;#638CEF&#8221; body_font=&#8221;||||||||&#8221; body_text_align=&#8221;center&#8221; text_orientation=&#8221;center&#8221;]7a ave calle Dr. Eduardo Suger Cofi\u00f1o zona 10, campus central Universidad Galileo. Oficina 406, 4to Nivel Torre I, Galileo campus Central<br \/>\n[\/et_pb_blurb][\/et_pb_column][\/et_pb_row][\/et_pb_section]<\/p>\n","protected":false},"excerpt":{"rendered":"<p>\u00a1Gracias por registrarte al Webinar &#8220;Una perspectiva socio anal\u00edtica de la relevancia de los nutrac\u00e9nticos&#8221;! Thank you for registering for the Webinar The Relevance of Nutraceuticals in 2022 and Beyond: A Socio-Analytical Perspective Revisa tu correo electr\u00f3nico. En pocos minutos recibir\u00e1s la informaci\u00f3n que solicitaste. Si no recibes el correo con la informaci\u00f3n de parte [&hellip;]<\/p>\n","protected":false},"author":10,"featured_media":0,"parent":0,"menu_order":0,"comment_status":"closed","ping_status":"closed","template":"page-template-blank.php","meta":{"_et_pb_use_builder":"on","_et_pb_old_content":"","_et_gb_content_width":""},"yoast_head":"<!-- This site is optimized with the Yoast SEO plugin v20.13 - https:\/\/yoast.com\/wordpress\/plugins\/seo\/ -->\n<title>Gracias Una perspectiva socio anal\u00edtica de la relevancia de los nutrac\u00e9uticos<\/title>\n<meta name=\"description\" content=\"Gracias por registrarte al Webinar Una perspectiva socio anal\u00edtica de la relevancia de los nutrac\u00e9uticos\" \/>\n<meta name=\"robots\" content=\"index, follow, max-snippet:-1, max-image-preview:large, max-video-preview:-1\" \/>\n<link rel=\"canonical\" href=\"https:\/\/www.galileo.edu\/page\/gracias-registro-perspectiva-socio-analitica-relevancia-nutraceuticos\/\" \/>\n<meta property=\"og:locale\" content=\"en_US\" \/>\n<meta property=\"og:type\" content=\"article\" \/>\n<meta property=\"og:title\" content=\"Gracias Una perspectiva socio anal\u00edtica de la relevancia de los nutrac\u00e9uticos\" \/>\n<meta property=\"og:description\" content=\"Gracias por registrarte al Webinar Una perspectiva socio anal\u00edtica de la relevancia de los nutrac\u00e9uticos\" \/>\n<meta property=\"og:url\" content=\"https:\/\/www.galileo.edu\/page\/gracias-registro-perspectiva-socio-analitica-relevancia-nutraceuticos\/\" \/>\n<meta property=\"og:site_name\" content=\"Universidad Galileo\" \/>\n<meta property=\"article:modified_time\" content=\"2022-02-15T20:30:56+00:00\" \/>\n<meta name=\"twitter:card\" content=\"summary_large_image\" \/>\n<meta name=\"twitter:label1\" content=\"Est. reading time\" \/>\n\t<meta name=\"twitter:data1\" content=\"6 minutes\" \/>\n<script type=\"application\/ld+json\" class=\"yoast-schema-graph\">{\"@context\":\"https:\/\/schema.org\",\"@graph\":[{\"@type\":\"WebPage\",\"@id\":\"https:\/\/www.galileo.edu\/page\/gracias-registro-perspectiva-socio-analitica-relevancia-nutraceuticos\/\",\"url\":\"https:\/\/www.galileo.edu\/page\/gracias-registro-perspectiva-socio-analitica-relevancia-nutraceuticos\/\",\"name\":\"Gracias Una perspectiva socio anal\u00edtica de la relevancia de los nutrac\u00e9uticos\",\"isPartOf\":{\"@id\":\"https:\/\/www.galileo.edu\/page\/#website\"},\"datePublished\":\"2022-02-15T19:02:12+00:00\",\"dateModified\":\"2022-02-15T20:30:56+00:00\",\"description\":\"Gracias por registrarte al Webinar Una perspectiva socio anal\u00edtica de la relevancia de los nutrac\u00e9uticos\",\"breadcrumb\":{\"@id\":\"https:\/\/www.galileo.edu\/page\/gracias-registro-perspectiva-socio-analitica-relevancia-nutraceuticos\/#breadcrumb\"},\"inLanguage\":\"en-US\",\"potentialAction\":[{\"@type\":\"ReadAction\",\"target\":[\"https:\/\/www.galileo.edu\/page\/gracias-registro-perspectiva-socio-analitica-relevancia-nutraceuticos\/\"]}]},{\"@type\":\"BreadcrumbList\",\"@id\":\"https:\/\/www.galileo.edu\/page\/gracias-registro-perspectiva-socio-analitica-relevancia-nutraceuticos\/#breadcrumb\",\"itemListElement\":[{\"@type\":\"ListItem\",\"position\":1,\"name\":\"Home\",\"item\":\"https:\/\/www.galileo.edu\/page\/home\/\"},{\"@type\":\"ListItem\",\"position\":2,\"name\":\"Gracias Webinar Una perspectiva socio anal\u00edtica de la relevancia de los nutrac\u00e9uticos\"}]},{\"@type\":\"WebSite\",\"@id\":\"https:\/\/www.galileo.edu\/page\/#website\",\"url\":\"https:\/\/www.galileo.edu\/page\/\",\"name\":\"Universidad Galileo\",\"description\":\"La revoluci\u00f3n en la educaci\u00f3n\",\"potentialAction\":[{\"@type\":\"SearchAction\",\"target\":{\"@type\":\"EntryPoint\",\"urlTemplate\":\"https:\/\/www.galileo.edu\/page\/?s={search_term_string}\"},\"query-input\":\"required name=search_term_string\"}],\"inLanguage\":\"en-US\"}]}<\/script>\n<!-- \/ Yoast SEO plugin. -->","yoast_head_json":{"title":"Gracias Una perspectiva socio anal\u00edtica de la relevancia de los nutrac\u00e9uticos","description":"Gracias por registrarte al Webinar Una perspectiva socio anal\u00edtica de la relevancia de los nutrac\u00e9uticos","robots":{"index":"index","follow":"follow","max-snippet":"max-snippet:-1","max-image-preview":"max-image-preview:large","max-video-preview":"max-video-preview:-1"},"canonical":"https:\/\/www.galileo.edu\/page\/gracias-registro-perspectiva-socio-analitica-relevancia-nutraceuticos\/","og_locale":"en_US","og_type":"article","og_title":"Gracias Una perspectiva socio anal\u00edtica de la relevancia de los nutrac\u00e9uticos","og_description":"Gracias por registrarte al Webinar Una perspectiva socio anal\u00edtica de la relevancia de los nutrac\u00e9uticos","og_url":"https:\/\/www.galileo.edu\/page\/gracias-registro-perspectiva-socio-analitica-relevancia-nutraceuticos\/","og_site_name":"Universidad Galileo","article_modified_time":"2022-02-15T20:30:56+00:00","twitter_card":"summary_large_image","twitter_misc":{"Est. reading time":"6 minutes"},"schema":{"@context":"https:\/\/schema.org","@graph":[{"@type":"WebPage","@id":"https:\/\/www.galileo.edu\/page\/gracias-registro-perspectiva-socio-analitica-relevancia-nutraceuticos\/","url":"https:\/\/www.galileo.edu\/page\/gracias-registro-perspectiva-socio-analitica-relevancia-nutraceuticos\/","name":"Gracias Una perspectiva socio anal\u00edtica de la relevancia de los nutrac\u00e9uticos","isPartOf":{"@id":"https:\/\/www.galileo.edu\/page\/#website"},"datePublished":"2022-02-15T19:02:12+00:00","dateModified":"2022-02-15T20:30:56+00:00","description":"Gracias por registrarte al Webinar Una perspectiva socio anal\u00edtica de la relevancia de los nutrac\u00e9uticos","breadcrumb":{"@id":"https:\/\/www.galileo.edu\/page\/gracias-registro-perspectiva-socio-analitica-relevancia-nutraceuticos\/#breadcrumb"},"inLanguage":"en-US","potentialAction":[{"@type":"ReadAction","target":["https:\/\/www.galileo.edu\/page\/gracias-registro-perspectiva-socio-analitica-relevancia-nutraceuticos\/"]}]},{"@type":"BreadcrumbList","@id":"https:\/\/www.galileo.edu\/page\/gracias-registro-perspectiva-socio-analitica-relevancia-nutraceuticos\/#breadcrumb","itemListElement":[{"@type":"ListItem","position":1,"name":"Home","item":"https:\/\/www.galileo.edu\/page\/home\/"},{"@type":"ListItem","position":2,"name":"Gracias Webinar Una perspectiva socio anal\u00edtica de la relevancia de los nutrac\u00e9uticos"}]},{"@type":"WebSite","@id":"https:\/\/www.galileo.edu\/page\/#website","url":"https:\/\/www.galileo.edu\/page\/","name":"Universidad Galileo","description":"La revoluci\u00f3n en la educaci\u00f3n","potentialAction":[{"@type":"SearchAction","target":{"@type":"EntryPoint","urlTemplate":"https:\/\/www.galileo.edu\/page\/?s={search_term_string}"},"query-input":"required name=search_term_string"}],"inLanguage":"en-US"}]}},"_links":{"self":[{"href":"https:\/\/www.galileo.edu\/page\/wp-json\/wp\/v2\/pages\/48080"}],"collection":[{"href":"https:\/\/www.galileo.edu\/page\/wp-json\/wp\/v2\/pages"}],"about":[{"href":"https:\/\/www.galileo.edu\/page\/wp-json\/wp\/v2\/types\/page"}],"author":[{"embeddable":true,"href":"https:\/\/www.galileo.edu\/page\/wp-json\/wp\/v2\/users\/10"}],"replies":[{"embeddable":true,"href":"https:\/\/www.galileo.edu\/page\/wp-json\/wp\/v2\/comments?post=48080"}],"version-history":[{"count":15,"href":"https:\/\/www.galileo.edu\/page\/wp-json\/wp\/v2\/pages\/48080\/revisions"}],"predecessor-version":[{"id":48106,"href":"https:\/\/www.galileo.edu\/page\/wp-json\/wp\/v2\/pages\/48080\/revisions\/48106"}],"wp:attachment":[{"href":"https:\/\/www.galileo.edu\/page\/wp-json\/wp\/v2\/media?parent=48080"}],"curies":[{"name":"wp","href":"https:\/\/api.w.org\/{rel}","templated":true}]}}